{"id":15151,"date":"2020-07-08T16:36:39","date_gmt":"2020-07-08T15:36:39","guid":{"rendered":"http:\/\/resarquitectura.blogs.upv.es\/?page_id=15151"},"modified":"2020-07-09T16:40:54","modified_gmt":"2020-07-09T15:40:54","slug":"miniarquitecturas-el-imaginario-colectivo-a-traves-de-las-miniaturas-de-la-arquitectura-3","status":"publish","type":"page","link":"https:\/\/resarquitectura.blogs.upv.es\/?page_id=15151","title":{"rendered":"Colecci\u00f3n Red Nacional de Maestros de la Construcci\u00f3n Tradicional"},"content":{"rendered":"<p><\/p>\n<p style=\"text-align: justify\"><img loading=\"lazy\" decoding=\"async\" class=\"wp-image-15154 size-medium alignleft\" style=\"font-family: 'Open Sans', sans-serif;font-size: 16px;font-style: normal;font-weight: 400\" src=\"http:\/\/resarquitectura.blogs.upv.es\/wp-content\/uploads\/2020\/07\/maestros-de-la-cal--300x300.jpg\" alt=\"\" width=\"300\" height=\"300\" srcset=\"https:\/\/resarquitectura.blogs.upv.es\/wp-content\/uploads\/2020\/07\/maestros-de-la-cal--300x300.jpg 300w, https:\/\/resarquitectura.blogs.upv.es\/wp-content\/uploads\/2020\/07\/maestros-de-la-cal--1024x1024.jpg 1024w, https:\/\/resarquitectura.blogs.upv.es\/wp-content\/uploads\/2020\/07\/maestros-de-la-cal--150x150.jpg 150w, https:\/\/resarquitectura.blogs.upv.es\/wp-content\/uploads\/2020\/07\/maestros-de-la-cal--768x768.jpg 768w, https:\/\/resarquitectura.blogs.upv.es\/wp-content\/uploads\/2020\/07\/maestros-de-la-cal--1536x1536.jpg 1536w, https:\/\/resarquitectura.blogs.upv.es\/wp-content\/uploads\/2020\/07\/maestros-de-la-cal--2048x2048.jpg 2048w\" sizes=\"auto, (max-width: 300px) 100vw, 300px\" \/><strong>T\u00edtulo completo: <\/strong>Red Nacional de Maestros de la Construcci\u00f3n Tradicional: Maestros de la Cal<\/p>\n<p style=\"text-align: justify\"><strong>Autores:&nbsp;<\/strong>Camilla Mileto, Fernando Vegas, M. Soledad Garc\u00eda, Salvador Tom\u00e1s y Alejandro Garc\u00eda<\/p>\n<p style=\"text-align: justify\"><strong>A\u00f1o<\/strong><strong>:&nbsp;<\/strong>2018<\/p>\n<p style=\"text-align: justify\"><strong>Edita: <\/strong>INTBAU, UK<\/p>\n<p style=\"text-align: justify\"><strong>ISBN: <\/strong>978-1-9999997-0-4<\/p>\n<p style=\"text-align: justify\"><a href=\"https:\/\/redmaestros.com\/publicaciones\/\">Descargar<\/a><\/p>\n<p style=\"text-align: justify\"><a href=\"http:\/\/resarquitectura.blogs.upv.es\/?page_id=120\">Volver<\/a><\/p>\n<p style=\"text-align: justify\">&nbsp;<\/p>\n<p style=\"text-align: justify\">&nbsp;<\/p>\n<p style=\"text-align: justify\"><img loading=\"lazy\" decoding=\"async\" class=\"wp-image-15166 size-medium alignleft\" style=\"font-family: 'Open Sans', sans-serif;font-size: 16px;font-style: normal;font-weight: 400\" src=\"http:\/\/resarquitectura.blogs.upv.es\/wp-content\/uploads\/2020\/07\/maestros-del-yeso-300x300.jpg\" alt=\"\" width=\"300\" height=\"300\" srcset=\"https:\/\/resarquitectura.blogs.upv.es\/wp-content\/uploads\/2020\/07\/maestros-del-yeso-300x300.jpg 300w, https:\/\/resarquitectura.blogs.upv.es\/wp-content\/uploads\/2020\/07\/maestros-del-yeso-1021x1024.jpg 1021w, https:\/\/resarquitectura.blogs.upv.es\/wp-content\/uploads\/2020\/07\/maestros-del-yeso-150x150.jpg 150w, https:\/\/resarquitectura.blogs.upv.es\/wp-content\/uploads\/2020\/07\/maestros-del-yeso-768x771.jpg 768w, https:\/\/resarquitectura.blogs.upv.es\/wp-content\/uploads\/2020\/07\/maestros-del-yeso-1531x1536.jpg 1531w, https:\/\/resarquitectura.blogs.upv.es\/wp-content\/uploads\/2020\/07\/maestros-del-yeso-2041x2048.jpg 2041w\" sizes=\"auto, (max-width: 300px) 100vw, 300px\" \/><strong>T\u00edtulo completo: <\/strong>Red Nacional de Maestros de la Construcci\u00f3n Tradicional: Maestros del Yeso<\/p>\n<p style=\"text-align: justify\"><strong>Autores:&nbsp;<\/strong>Camilla Mileto, Fernando Vegas, M. Soledad Garc\u00eda, Salvador Tom\u00e1s y Alejandro Garc\u00eda<\/p>\n<p style=\"text-align: justify\"><strong>A\u00f1o<\/strong><strong>:&nbsp;<\/strong>2018<\/p>\n<p style=\"text-align: justify\"><strong>Edita: <\/strong>INTBAU, UK<\/p>\n<p style=\"text-align: justify\"><strong>ISBN: <\/strong>978-1-9999997-1-1<\/p>\n<p style=\"text-align: justify\"><a href=\"https:\/\/redmaestros.com\/publicaciones\/\">Descargar<\/a><\/p>\n<p style=\"text-align: justify\"><a href=\"http:\/\/resarquitectura.blogs.upv.es\/?page_id=120\">Volver<\/a><\/p>\n<p style=\"text-align: justify\">&nbsp;<\/p>\n<p style=\"text-align: justify\">&nbsp;<\/p>\n<p style=\"text-align: justify\"><img loading=\"lazy\" decoding=\"async\" class=\"wp-image-15172 size-medium alignleft\" style=\"font-family: 'Open Sans', sans-serif;font-size: 16px;font-style: normal;font-weight: 400\" src=\"http:\/\/resarquitectura.blogs.upv.es\/wp-content\/uploads\/2020\/07\/maestros-de-canas-y-fibras-300x300.jpg\" alt=\"\" width=\"300\" height=\"300\" srcset=\"https:\/\/resarquitectura.blogs.upv.es\/wp-content\/uploads\/2020\/07\/maestros-de-canas-y-fibras-300x300.jpg 300w, https:\/\/resarquitectura.blogs.upv.es\/wp-content\/uploads\/2020\/07\/maestros-de-canas-y-fibras-1021x1024.jpg 1021w, https:\/\/resarquitectura.blogs.upv.es\/wp-content\/uploads\/2020\/07\/maestros-de-canas-y-fibras-150x150.jpg 150w, https:\/\/resarquitectura.blogs.upv.es\/wp-content\/uploads\/2020\/07\/maestros-de-canas-y-fibras-768x771.jpg 768w, https:\/\/resarquitectura.blogs.upv.es\/wp-content\/uploads\/2020\/07\/maestros-de-canas-y-fibras-1531x1536.jpg 1531w, https:\/\/resarquitectura.blogs.upv.es\/wp-content\/uploads\/2020\/07\/maestros-de-canas-y-fibras-2041x2048.jpg 2041w\" sizes=\"auto, (max-width: 300px) 100vw, 300px\" \/><strong>T\u00edtulo completo: <\/strong>Red Nacional de Maestros de la Construcci\u00f3n Tradicional: Maestros de Ca\u00f1as y Fibras<\/p>\n<p style=\"text-align: justify\"><strong>Autores:&nbsp;<\/strong>Camilla Mileto, Fernando Vegas, M. Soledad Garc\u00eda, Salvador Tom\u00e1s y Alejandro Garc\u00eda<\/p>\n<p style=\"text-align: justify\"><strong>A\u00f1o<\/strong><strong>:&nbsp;<\/strong>2018<\/p>\n<p style=\"text-align: justify\"><strong>Edita: <\/strong>INTBAU, UK<\/p>\n<p style=\"text-align: justify\"><strong>ISBN: <\/strong>978-1-9999997-2-8<\/p>\n<p style=\"text-align: justify\"><a href=\"https:\/\/redmaestros.com\/publicaciones\/\">Descargar<\/a><\/p>\n<p style=\"text-align: justify\"><a href=\"http:\/\/resarquitectura.blogs.upv.es\/?page_id=120\">Volver<\/a><\/p>\n<p style=\"text-align: justify\">&nbsp;<\/p>\n<p style=\"text-align: justify\">&nbsp;<\/p>\n<p style=\"text-align: justify\"><img loading=\"lazy\" decoding=\"async\" class=\"wp-image-15175 size-medium alignleft\" style=\"font-family: 'Open Sans', sans-serif;font-size: 16px;font-style: normal;font-weight: 400\" src=\"http:\/\/resarquitectura.blogs.upv.es\/wp-content\/uploads\/2020\/07\/maestros-de-la-madera-300x300.jpg\" alt=\"\" width=\"300\" height=\"300\" srcset=\"https:\/\/resarquitectura.blogs.upv.es\/wp-content\/uploads\/2020\/07\/maestros-de-la-madera-300x300.jpg 300w, https:\/\/resarquitectura.blogs.upv.es\/wp-content\/uploads\/2020\/07\/maestros-de-la-madera-1021x1024.jpg 1021w, https:\/\/resarquitectura.blogs.upv.es\/wp-content\/uploads\/2020\/07\/maestros-de-la-madera-150x150.jpg 150w, https:\/\/resarquitectura.blogs.upv.es\/wp-content\/uploads\/2020\/07\/maestros-de-la-madera-768x771.jpg 768w, https:\/\/resarquitectura.blogs.upv.es\/wp-content\/uploads\/2020\/07\/maestros-de-la-madera-1531x1536.jpg 1531w, https:\/\/resarquitectura.blogs.upv.es\/wp-content\/uploads\/2020\/07\/maestros-de-la-madera-2041x2048.jpg 2041w\" sizes=\"auto, (max-width: 300px) 100vw, 300px\" \/><strong>T\u00edtulo completo: <\/strong>Red Nacional de Maestros de la Construcci\u00f3n Tradicional: Maestros de la Madera<\/p>\n<p style=\"text-align: justify\"><strong>Autores:&nbsp;<\/strong>Camilla Mileto, Fernando Vegas, M. Soledad Garc\u00eda, Salvador Tom\u00e1s y Alejandro Garc\u00eda<\/p>\n<p style=\"text-align: justify\"><strong>A\u00f1o<\/strong><strong>:&nbsp;<\/strong>2018<\/p>\n<p style=\"text-align: justify\"><strong>Edita: <\/strong>INTBAU, UK<\/p>\n<p style=\"text-align: justify\"><strong>ISBN: <\/strong>978-1-9999997-3-5<\/p>\n<p style=\"text-align: justify\"><a href=\"https:\/\/redmaestros.com\/publicaciones\/\">Descargar<\/a><\/p>\n<p style=\"text-align: justify\"><a href=\"http:\/\/resarquitectura.blogs.upv.es\/?page_id=120\">Volver<\/a><\/p>\n<p style=\"text-align: justify\">&nbsp;<\/p>\n<p style=\"text-align: justify\">&nbsp;<\/p>\n<p style=\"text-align: justify\"><img loading=\"lazy\" decoding=\"async\" class=\"wp-image-15178 size-medium alignleft\" style=\"font-family: 'Open Sans', sans-serif;font-size: 16px;font-style: normal;font-weight: 400\" src=\"http:\/\/resarquitectura.blogs.upv.es\/wp-content\/uploads\/2020\/07\/maestros-del-vidrio-300x300.jpg\" alt=\"\" width=\"300\" height=\"300\" srcset=\"https:\/\/resarquitectura.blogs.upv.es\/wp-content\/uploads\/2020\/07\/maestros-del-vidrio-300x300.jpg 300w, https:\/\/resarquitectura.blogs.upv.es\/wp-content\/uploads\/2020\/07\/maestros-del-vidrio-1024x1024.jpg 1024w, https:\/\/resarquitectura.blogs.upv.es\/wp-content\/uploads\/2020\/07\/maestros-del-vidrio-150x150.jpg 150w, https:\/\/resarquitectura.blogs.upv.es\/wp-content\/uploads\/2020\/07\/maestros-del-vidrio-768x768.jpg 768w, https:\/\/resarquitectura.blogs.upv.es\/wp-content\/uploads\/2020\/07\/maestros-del-vidrio-1536x1536.jpg 1536w, https:\/\/resarquitectura.blogs.upv.es\/wp-content\/uploads\/2020\/07\/maestros-del-vidrio-2048x2048.jpg 2048w\" sizes=\"auto, (max-width: 300px) 100vw, 300px\" \/><strong>T\u00edtulo completo: <\/strong>Red Nacional de Maestros de la Construcci\u00f3n Tradicional: Maestros del Vidrio<\/p>\n<p style=\"text-align: justify\"><strong>Autores:&nbsp;<\/strong>Camilla Mileto, Fernando Vegas, M. Soledad Garc\u00eda, Salvador Tom\u00e1s y Alejandro Garc\u00eda<\/p>\n<p style=\"text-align: justify\"><strong>A\u00f1o<\/strong><strong>:&nbsp;<\/strong>2018<\/p>\n<p style=\"text-align: justify\"><strong>Edita: <\/strong>INTBAU, UK<\/p>\n<p style=\"text-align: justify\"><strong>ISBN: <\/strong>978-1-9999997-4-2<\/p>\n<p style=\"text-align: justify\"><a href=\"https:\/\/redmaestros.com\/publicaciones\/\">Descargar<\/a><\/p>\n<p style=\"text-align: justify\"><a href=\"http:\/\/resarquitectura.blogs.upv.es\/?page_id=120\">Volver<\/a><\/p>\n<p style=\"text-align: justify\">&nbsp;<\/p>\n<p style=\"text-align: justify\">&nbsp;<\/p>\n<p style=\"text-align: justify\"><img loading=\"lazy\" decoding=\"async\" class=\"wp-image-15181 size-medium alignleft\" style=\"font-family: 'Open Sans', sans-serif;font-size: 16px;font-style: normal;font-weight: 400\" src=\"http:\/\/resarquitectura.blogs.upv.es\/wp-content\/uploads\/2020\/07\/maestros-de-la-ceramica-300x300.jpg\" alt=\"\" width=\"300\" height=\"300\" srcset=\"https:\/\/resarquitectura.blogs.upv.es\/wp-content\/uploads\/2020\/07\/maestros-de-la-ceramica-300x300.jpg 300w, https:\/\/resarquitectura.blogs.upv.es\/wp-content\/uploads\/2020\/07\/maestros-de-la-ceramica-1021x1024.jpg 1021w, https:\/\/resarquitectura.blogs.upv.es\/wp-content\/uploads\/2020\/07\/maestros-de-la-ceramica-150x150.jpg 150w, https:\/\/resarquitectura.blogs.upv.es\/wp-content\/uploads\/2020\/07\/maestros-de-la-ceramica-768x771.jpg 768w, https:\/\/resarquitectura.blogs.upv.es\/wp-content\/uploads\/2020\/07\/maestros-de-la-ceramica-1531x1536.jpg 1531w, https:\/\/resarquitectura.blogs.upv.es\/wp-content\/uploads\/2020\/07\/maestros-de-la-ceramica-2041x2048.jpg 2041w\" sizes=\"auto, (max-width: 300px) 100vw, 300px\" \/><strong>T\u00edtulo completo: <\/strong>Red Nacional de Maestros de la Construcci\u00f3n Tradicional: Maestros de la Cer\u00e1mica<\/p>\n<p style=\"text-align: justify\"><strong>Autores:&nbsp;<\/strong>Camilla Mileto, Fernando Vegas, M. Soledad Garc\u00eda, Salvador Tom\u00e1s y Alejandro Garc\u00eda<\/p>\n<p style=\"text-align: justify\"><strong>A\u00f1o<\/strong><strong>:&nbsp;<\/strong>2018<\/p>\n<p style=\"text-align: justify\"><strong>Edita: <\/strong>INTBAU, UK<\/p>\n<p style=\"text-align: justify\"><strong>ISBN: <\/strong>978-1-9999997-5-9<\/p>\n<p style=\"text-align: justify\"><a href=\"https:\/\/redmaestros.com\/publicaciones\/\">Descargar<\/a><\/p>\n<p style=\"text-align: justify\"><a href=\"http:\/\/resarquitectura.blogs.upv.es\/?page_id=120\">Volver<\/a><\/p>\n<p style=\"text-align: justify\">&nbsp;<\/p>\n<p style=\"text-align: justify\">&nbsp;<\/p>\n<p style=\"text-align: justify\"><img loading=\"lazy\" decoding=\"async\" class=\"wp-image-15184 size-medium alignleft\" style=\"font-family: 'Open Sans', sans-serif;font-size: 16px;font-style: normal;font-weight: 400\" src=\"http:\/\/resarquitectura.blogs.upv.es\/wp-content\/uploads\/2020\/07\/maestros-de-la-tierra-300x300.jpg\" alt=\"\" width=\"300\" height=\"300\" srcset=\"https:\/\/resarquitectura.blogs.upv.es\/wp-content\/uploads\/2020\/07\/maestros-de-la-tierra-300x300.jpg 300w, https:\/\/resarquitectura.blogs.upv.es\/wp-content\/uploads\/2020\/07\/maestros-de-la-tierra-1021x1024.jpg 1021w, https:\/\/resarquitectura.blogs.upv.es\/wp-content\/uploads\/2020\/07\/maestros-de-la-tierra-150x150.jpg 150w, https:\/\/resarquitectura.blogs.upv.es\/wp-content\/uploads\/2020\/07\/maestros-de-la-tierra-768x771.jpg 768w, https:\/\/resarquitectura.blogs.upv.es\/wp-content\/uploads\/2020\/07\/maestros-de-la-tierra-1531x1536.jpg 1531w, https:\/\/resarquitectura.blogs.upv.es\/wp-content\/uploads\/2020\/07\/maestros-de-la-tierra-2041x2048.jpg 2041w\" sizes=\"auto, (max-width: 300px) 100vw, 300px\" \/><strong>T\u00edtulo completo: <\/strong>Red Nacional de Maestros de la Construcci\u00f3n Tradicional: Maestros de la Tierra<\/p>\n<p style=\"text-align: justify\"><strong>Autores:&nbsp;<\/strong>Camilla Mileto, Fernando Vegas, M. Soledad Garc\u00eda, Salvador Tom\u00e1s y Alejandro Garc\u00eda<\/p>\n<p style=\"text-align: justify\"><strong>A\u00f1o<\/strong><strong>:&nbsp;<\/strong>2018<\/p>\n<p style=\"text-align: justify\"><strong>Edita: <\/strong>INTBAU, UK<\/p>\n<p style=\"text-align: justify\"><strong>ISBN: <\/strong>978-1-9999997-7-3<\/p>\n<p style=\"text-align: justify\"><a href=\"https:\/\/redmaestros.com\/publicaciones\/\">Descargar<\/a><\/p>\n<p style=\"text-align: justify\"><a href=\"http:\/\/resarquitectura.blogs.upv.es\/?page_id=120\">Volver<\/a><\/p>\n<p style=\"text-align: justify\">&nbsp;<\/p>\n<p style=\"text-align: justify\">&nbsp;<\/p>\n<p style=\"text-align: justify\"><img loading=\"lazy\" decoding=\"async\" class=\"wp-image-15187 size-medium alignleft\" style=\"font-family: 'Open Sans', sans-serif;font-size: 16px;font-style: normal;font-weight: 400\" src=\"http:\/\/resarquitectura.blogs.upv.es\/wp-content\/uploads\/2020\/07\/maestros-del-metal-300x300.jpg\" alt=\"\" width=\"300\" height=\"300\" srcset=\"https:\/\/resarquitectura.blogs.upv.es\/wp-content\/uploads\/2020\/07\/maestros-del-metal-300x300.jpg 300w, https:\/\/resarquitectura.blogs.upv.es\/wp-content\/uploads\/2020\/07\/maestros-del-metal-1021x1024.jpg 1021w, https:\/\/resarquitectura.blogs.upv.es\/wp-content\/uploads\/2020\/07\/maestros-del-metal-150x150.jpg 150w, https:\/\/resarquitectura.blogs.upv.es\/wp-content\/uploads\/2020\/07\/maestros-del-metal-768x771.jpg 768w, https:\/\/resarquitectura.blogs.upv.es\/wp-content\/uploads\/2020\/07\/maestros-del-metal-1531x1536.jpg 1531w, https:\/\/resarquitectura.blogs.upv.es\/wp-content\/uploads\/2020\/07\/maestros-del-metal-2041x2048.jpg 2041w\" sizes=\"auto, (max-width: 300px) 100vw, 300px\" \/><strong>T\u00edtulo completo: <\/strong>Red Nacional de Maestros de la Construcci\u00f3n Tradicional: Maestros de los Metales<\/p>\n<p style=\"text-align: justify\"><strong>Autores:&nbsp;<\/strong>Camilla Mileto, Fernando Vegas, M. Soledad Garc\u00eda, Salvador Tom\u00e1s y Alejandro Garc\u00eda<\/p>\n<p style=\"text-align: justify\"><strong>A\u00f1o<\/strong><strong>:&nbsp;<\/strong>2018<\/p>\n<p style=\"text-align: justify\"><strong>Edita: <\/strong>INTBAU, UK<\/p>\n<p style=\"text-align: justify\"><strong>ISBN: <\/strong>978-1-9999997-8-0<\/p>\n<p style=\"text-align: justify\"><a href=\"https:\/\/redmaestros.com\/publicaciones\/\">Descargar<\/a><\/p>\n<p style=\"text-align: justify\"><a href=\"http:\/\/resarquitectura.blogs.upv.es\/?page_id=120\">Volver<\/a><\/p>\n<p style=\"text-align: justify\">&nbsp;<\/p>\n<p style=\"text-align: justify\">&nbsp;<\/p>\n<p style=\"text-align: justify\"><img loading=\"lazy\" decoding=\"async\" class=\"wp-image-15190 size-medium alignleft\" style=\"font-family: 'Open Sans', sans-serif;font-size: 16px;font-style: normal;font-weight: 400\" src=\"http:\/\/resarquitectura.blogs.upv.es\/wp-content\/uploads\/2020\/07\/maestros-de-la-piedra-300x300.jpg\" alt=\"\" width=\"300\" height=\"300\" srcset=\"https:\/\/resarquitectura.blogs.upv.es\/wp-content\/uploads\/2020\/07\/maestros-de-la-piedra-300x300.jpg 300w, https:\/\/resarquitectura.blogs.upv.es\/wp-content\/uploads\/2020\/07\/maestros-de-la-piedra-1021x1024.jpg 1021w, https:\/\/resarquitectura.blogs.upv.es\/wp-content\/uploads\/2020\/07\/maestros-de-la-piedra-150x150.jpg 150w, https:\/\/resarquitectura.blogs.upv.es\/wp-content\/uploads\/2020\/07\/maestros-de-la-piedra-768x771.jpg 768w, https:\/\/resarquitectura.blogs.upv.es\/wp-content\/uploads\/2020\/07\/maestros-de-la-piedra-1531x1536.jpg 1531w, https:\/\/resarquitectura.blogs.upv.es\/wp-content\/uploads\/2020\/07\/maestros-de-la-piedra-2041x2048.jpg 2041w\" sizes=\"auto, (max-width: 300px) 100vw, 300px\" \/><strong>T\u00edtulo completo: <\/strong>Red Nacional de Maestros de la Construcci\u00f3n Tradicional: Maestros de la Piedra<\/p>\n<p style=\"text-align: justify\"><strong>Autores:&nbsp;<\/strong>Camilla Mileto, Fernando Vegas, M. Soledad Garc\u00eda, Salvador Tom\u00e1s y Alejandro Garc\u00eda<\/p>\n<p style=\"text-align: justify\"><strong>A\u00f1o<\/strong><strong>:&nbsp;<\/strong>2018<\/p>\n<p style=\"text-align: justify\"><strong>Edita: <\/strong>INTBAU, UK<\/p>\n<p style=\"text-align: justify\"><strong>ISBN: <\/strong>978-1-9999997-6-6<\/p>\n<p style=\"text-align: justify\"><a href=\"https:\/\/redmaestros.com\/publicaciones\/\">Descargar<\/a><\/p>\n<p style=\"text-align: justify\"><a href=\"http:\/\/resarquitectura.blogs.upv.es\/?page_id=120\">Volver<\/a><\/p>\n<p><\/p>","protected":false},"excerpt":{"rendered":"<p class=\"excerpt\">T\u00edtulo completo: Red Nacional de Maestros de la Construcci\u00f3n Tradicional: Maestros de la Cal Autores:&nbsp;Camilla Mileto, Fernando Vegas, M. Soledad Garc\u00eda, Salvador Tom\u00e1s y Alejandro Garc\u00eda A\u00f1o:&nbsp;2018 Edita: INTBAU, UK ISBN: 978-1-9999997-0-4 Descargar Volver &nbsp; &nbsp; T\u00edtulo completo: Red Nacional de Maestros de la Construcci\u00f3n Tradicional: Maestros del Yeso Autores:&nbsp;Camilla Mileto, Fernando Vegas, M. Soledad Garc\u00eda, Salvador Tom\u00e1s y Alejandro&hellip;<\/p>\n<p class=\"more-link-p\"><a class=\"btn btn-default\" href=\"https:\/\/resarquitectura.blogs.upv.es\/?page_id=15151\">Read more<\/a><\/p>\n","protected":false},"author":26148,"featured_media":0,"parent":0,"menu_order":0,"comment_status":"closed","ping_status":"closed","template":"","meta":{"ngg_post_thumbnail":0,"footnotes":""},"class_list":["post-15151","page","type-page","status-publish","hentry"],"aioseo_notices":[],"_links":{"self":[{"href":"https:\/\/resarquitectura.blogs.upv.es\/index.php?rest_route=\/wp\/v2\/pages\/15151","targetHints":{"allow":["GET"]}}],"collection":[{"href":"https:\/\/resarquitectura.blogs.upv.es\/index.php?rest_route=\/wp\/v2\/pages"}],"about":[{"href":"https:\/\/resarquitectura.blogs.upv.es\/index.php?rest_route=\/wp\/v2\/types\/page"}],"author":[{"embeddable":true,"href":"https:\/\/resarquitectura.blogs.upv.es\/index.php?rest_route=\/wp\/v2\/users\/26148"}],"replies":[{"embeddable":true,"href":"https:\/\/resarquitectura.blogs.upv.es\/index.php?rest_route=%2Fwp%2Fv2%2Fcomments&post=15151"}],"version-history":[{"count":2,"href":"https:\/\/resarquitectura.blogs.upv.es\/index.php?rest_route=\/wp\/v2\/pages\/15151\/revisions"}],"predecessor-version":[{"id":15505,"href":"https:\/\/resarquitectura.blogs.upv.es\/index.php?rest_route=\/wp\/v2\/pages\/15151\/revisions\/15505"}],"wp:attachment":[{"href":"https:\/\/resarquitectura.blogs.upv.es\/index.php?rest_route=%2Fwp%2Fv2%2Fmedia&parent=15151"}],"curies":[{"name":"wp","href":"https:\/\/api.w.org\/{rel}","templated":true}]}}