{"id":15847,"date":"2020-07-12T17:39:41","date_gmt":"2020-07-12T16:39:41","guid":{"rendered":"http:\/\/resarquitectura.blogs.upv.es\/?page_id=15847"},"modified":"2020-10-01T09:43:37","modified_gmt":"2020-10-01T08:43:37","slug":"estudio-preliminar-del-castillo-de-bellver-palma-de-mallorca-2-2","status":"publish","type":"page","link":"https:\/\/resarquitectura.blogs.upv.es\/?page_id=15847","title":{"rendered":"Estudio de protecci\u00f3n del conjunto hist\u00f3rico de Mirambel"},"content":{"rendered":"<p><\/p>\n<p style=\"text-align: justify\"><strong>A\u00f1o:<\/strong> 2018<\/p>\n<p style=\"text-align: justify\"><strong>Ubicaci\u00f3n:<\/strong> Mirambel (Teruel)<\/p>\n<p style=\"text-align: justify\"><strong>Promotor:<\/strong> Ayuntamiento de Mirambel<\/p>\n<p style=\"text-align: justify\"><strong>Arquitectos:<\/strong> Camilla Mileto y Fernando Vegas L\u00f3pez-Manzanares<\/p>\n<p style=\"text-align: justify\"><strong>Colaboradores:<\/strong> M. Soledad Garc\u00eda S\u00e1ez, Lidia Garc\u00eda Soriano, Alicia Hueto Escobar, Sergio Estruch Gonz\u00e1lez, Anna P\u00e9rez Vila, Sergio Manzano Fern\u00e1ndez, Marco Aprea, Alessandro Maiulini, Matilde Caruso, Renata Finocchiaro, Silvia Zuccari<\/p>\n<p>ngg_shortcode_0_placeholder<a href=\"http:\/\/resarquitectura.blogs.upv.es\/?page_id=2606\">Volver<\/a><\/p>","protected":false},"excerpt":{"rendered":"<p class=\"excerpt\">A\u00f1o: 2018 Ubicaci\u00f3n: Mirambel (Teruel) Promotor: Ayuntamiento de Mirambel Arquitectos: Camilla Mileto y Fernando Vegas L\u00f3pez-Manzanares Colaboradores: M. Soledad Garc\u00eda S\u00e1ez, Lidia Garc\u00eda Soriano, Alicia Hueto Escobar, Sergio Estruch Gonz\u00e1lez, Anna P\u00e9rez Vila, Sergio Manzano Fern\u00e1ndez, Marco Aprea, Alessandro Maiulini, Matilde Caruso, Renata Finocchiaro, Silvia Zuccari Volver<\/p>\n<p class=\"more-link-p\"><a class=\"btn btn-default\" href=\"https:\/\/resarquitectura.blogs.upv.es\/?page_id=15847\">Read more<\/a><\/p>\n","protected":false},"author":26148,"featured_media":0,"parent":0,"menu_order":0,"comment_status":"closed","ping_status":"closed","template":"","meta":{"ngg_post_thumbnail":0,"footnotes":""},"class_list":["post-15847","page","type-page","status-publish","hentry"],"aioseo_notices":[],"_links":{"self":[{"href":"https:\/\/resarquitectura.blogs.upv.es\/index.php?rest_route=\/wp\/v2\/pages\/15847","targetHints":{"allow":["GET"]}}],"collection":[{"href":"https:\/\/resarquitectura.blogs.upv.es\/index.php?rest_route=\/wp\/v2\/pages"}],"about":[{"href":"https:\/\/resarquitectura.blogs.upv.es\/index.php?rest_route=\/wp\/v2\/types\/page"}],"author":[{"embeddable":true,"href":"https:\/\/resarquitectura.blogs.upv.es\/index.php?rest_route=\/wp\/v2\/users\/26148"}],"replies":[{"embeddable":true,"href":"https:\/\/resarquitectura.blogs.upv.es\/index.php?rest_route=%2Fwp%2Fv2%2Fcomments&post=15847"}],"version-history":[{"count":2,"href":"https:\/\/resarquitectura.blogs.upv.es\/index.php?rest_route=\/wp\/v2\/pages\/15847\/revisions"}],"predecessor-version":[{"id":17660,"href":"https:\/\/resarquitectura.blogs.upv.es\/index.php?rest_route=\/wp\/v2\/pages\/15847\/revisions\/17660"}],"wp:attachment":[{"href":"https:\/\/resarquitectura.blogs.upv.es\/index.php?rest_route=%2Fwp%2Fv2%2Fmedia&parent=15847"}],"curies":[{"name":"wp","href":"https:\/\/api.w.org\/{rel}","templated":true}]}}