{"id":15883,"date":"2020-07-13T17:52:59","date_gmt":"2020-07-13T16:52:59","guid":{"rendered":"http:\/\/resarquitectura.blogs.upv.es\/?page_id=15883"},"modified":"2020-12-03T13:52:13","modified_gmt":"2020-12-03T12:52:13","slug":"estudio-preliminar-del-castillo-de-bellver-palma-de-mallorca-2-2-2","status":"publish","type":"page","link":"https:\/\/resarquitectura.blogs.upv.es\/?page_id=15883","title":{"rendered":"Plan Director del castillo y fortificaciones de J\u00e9rica"},"content":{"rendered":"<p><\/p>\n<p style=\"text-align: justify\"><strong>A\u00f1o:<\/strong> 2019<\/p>\n<p style=\"text-align: justify\"><strong>Ubicaci\u00f3n:<\/strong> J\u00e9rica (Castell\u00f3n)<\/p>\n<p style=\"text-align: justify\"><strong>Promotor:<\/strong> Ayuntamiento de J\u00e9rica<\/p>\n<p style=\"text-align: justify\"><strong>Arquitectos:<\/strong> Camilla Mileto y Fernando Vegas L\u00f3pez-Manzanares<\/p>\n<p style=\"text-align: justify\"><strong>Colaboradores:<\/strong> Anna P\u00e9rez Vila, Laura Villacampa Crespo, Mar\u00eda Lid\u00f3n de Miguel, Alicia Hueto Escobar, Lidia Garc\u00eda Soriano, Salvador Tom\u00e1s M\u00e1rquez, Pablo Rodr\u00edguez Navarro, Teresa Gil Piqueras, Luis Lozano P\u00e9rez, Adolfo Alonso Dur\u00e1, Mar\u00eda Jos\u00e9 Calabuig, Jose Luis Calabuig, Andrea Lamas Domingo<\/p>\n<p>ngg_shortcode_0_placeholder<a href=\"http:\/\/resarquitectura.blogs.upv.es\/?page_id=2606\">Volver<\/a><\/p>","protected":false},"excerpt":{"rendered":"<p class=\"excerpt\">A\u00f1o: 2019 Ubicaci\u00f3n: J\u00e9rica (Castell\u00f3n) Promotor: Ayuntamiento de J\u00e9rica Arquitectos: Camilla Mileto y Fernando Vegas L\u00f3pez-Manzanares Colaboradores: Anna P\u00e9rez Vila, Laura Villacampa Crespo, Mar\u00eda Lid\u00f3n de Miguel, Alicia Hueto Escobar, Lidia Garc\u00eda Soriano, Salvador Tom\u00e1s M\u00e1rquez, Pablo Rodr\u00edguez Navarro, Teresa Gil Piqueras, Luis Lozano P\u00e9rez, Adolfo Alonso Dur\u00e1, Mar\u00eda Jos\u00e9 Calabuig, Jose Luis Calabuig, Andrea Lamas Domingo Volver<\/p>\n<p class=\"more-link-p\"><a class=\"btn btn-default\" href=\"https:\/\/resarquitectura.blogs.upv.es\/?page_id=15883\">Read more<\/a><\/p>\n","protected":false},"author":26148,"featured_media":0,"parent":0,"menu_order":0,"comment_status":"closed","ping_status":"closed","template":"","meta":{"ngg_post_thumbnail":0,"footnotes":""},"class_list":["post-15883","page","type-page","status-publish","hentry"],"aioseo_notices":[],"_links":{"self":[{"href":"https:\/\/resarquitectura.blogs.upv.es\/index.php?rest_route=\/wp\/v2\/pages\/15883","targetHints":{"allow":["GET"]}}],"collection":[{"href":"https:\/\/resarquitectura.blogs.upv.es\/index.php?rest_route=\/wp\/v2\/pages"}],"about":[{"href":"https:\/\/resarquitectura.blogs.upv.es\/index.php?rest_route=\/wp\/v2\/types\/page"}],"author":[{"embeddable":true,"href":"https:\/\/resarquitectura.blogs.upv.es\/index.php?rest_route=\/wp\/v2\/users\/26148"}],"replies":[{"embeddable":true,"href":"https:\/\/resarquitectura.blogs.upv.es\/index.php?rest_route=%2Fwp%2Fv2%2Fcomments&post=15883"}],"version-history":[{"count":2,"href":"https:\/\/resarquitectura.blogs.upv.es\/index.php?rest_route=\/wp\/v2\/pages\/15883\/revisions"}],"predecessor-version":[{"id":18378,"href":"https:\/\/resarquitectura.blogs.upv.es\/index.php?rest_route=\/wp\/v2\/pages\/15883\/revisions\/18378"}],"wp:attachment":[{"href":"https:\/\/resarquitectura.blogs.upv.es\/index.php?rest_route=%2Fwp%2Fv2%2Fmedia&parent=15883"}],"curies":[{"name":"wp","href":"https:\/\/api.w.org\/{rel}","templated":true}]}}