{"id":169,"date":"2016-02-10T13:35:43","date_gmt":"2016-02-10T12:35:43","guid":{"rendered":"http:\/\/resarquitectura.blogs.upv.es\/?page_id=169"},"modified":"2020-07-17T16:29:47","modified_gmt":"2020-07-17T15:29:47","slug":"2015-plaza-jardin-en-el-antiguo-convento-de-san-francisco","status":"publish","type":"page","link":"https:\/\/resarquitectura.blogs.upv.es\/?page_id=169","title":{"rendered":"Plaza Jard\u00edn en el antiguo convento de San Francisco"},"content":{"rendered":"<p><img loading=\"lazy\" decoding=\"async\" class=\"alignnone wp-image-16342 size-full\" src=\"http:\/\/resarquitectura.blogs.upv.es\/wp-content\/uploads\/2020\/07\/20190902_114838.jpg\" alt=\"\" width=\"2000\" height=\"1125\" srcset=\"https:\/\/resarquitectura.blogs.upv.es\/wp-content\/uploads\/2020\/07\/20190902_114838.jpg 2000w, https:\/\/resarquitectura.blogs.upv.es\/wp-content\/uploads\/2020\/07\/20190902_114838-300x169.jpg 300w, https:\/\/resarquitectura.blogs.upv.es\/wp-content\/uploads\/2020\/07\/20190902_114838-1024x576.jpg 1024w, https:\/\/resarquitectura.blogs.upv.es\/wp-content\/uploads\/2020\/07\/20190902_114838-768x432.jpg 768w, https:\/\/resarquitectura.blogs.upv.es\/wp-content\/uploads\/2020\/07\/20190902_114838-1536x864.jpg 1536w\" sizes=\"auto, (max-width: 2000px) 100vw, 2000px\" \/><\/p>\n<p style=\"text-align: justify\">En el a\u00f1o 2001 tuvo lugar el derribo de la iglesia y convento de San Francisco de la localidad castellonense de Vinar\u00f2s, quedando \u00fanicamente en pie parte del muro norte de la iglesia y del pavimento interior de la misma. Tras este triste suceso, el espacio hasta entonces ocupado por el conjunto conventual fue asfaltado y dedicado a espacio de aparcamiento, y con el paso de los a\u00f1os los restos del muro y pavimento sufrieron graves degradaciones tanto por causas naturales como vand\u00e1licas.<\/p>\n<p style=\"text-align: justify\">El jard\u00edn de San Francisco nace sobre los restos arqueol\u00f3gicos del antiguo convento hom\u00f3nimo originario del siglo XVII, con la intenci\u00f3n de evocar tanto la memoria hist\u00f3rica del edificio como de los huertos y jardines que lo rodeaban y devolverle la dignidad al lugar, al tiempo que convirti\u00e9ndolo en un lugar de encuentro, solaz y esparcimiento, recuperando un espacio vivo para la comunidad.<\/p>\n<p style=\"text-align: justify\">&nbsp;Los antiguos muros del convento, cuyas trazas se hallaron tras la escarificaci\u00f3n del nuevo asfaltado, se han recrecido con los propios sillares, l\u00e1pidas, baldosas y tejas reciclados del edificio que se han encontrado durante la excavaci\u00f3n, y que se han convertido simult\u00e1neamente en asientos para el jard\u00edn. Se ha pretendido de esta manera evocar el convento desaparecido con los propios restos arqueol\u00f3gicos aparejados, en lugar de engrosar el vertedero municipal con estos escombros de biograf\u00eda tan singular a confundirse con muchos otros, generando ulteriores residuos para el medioambiente.<\/p>\n<p style=\"text-align: justify\">&nbsp;El muro remanente de la iglesia se ha restaurado cuidadosamente con todos los restos y trazas de enlucidos, pinturas, carpinter\u00edas, etc., as\u00ed como las se\u00f1ales de las viviendas que se adosaban por el exterior y que fueron las que permitieron la permanencia del muro hasta nuestros d\u00edas.<\/p>\n<p style=\"text-align: justify\">&nbsp;El \u00e1rea correspondiente al interior del convento y la iglesia se ha pavimentado empleando piedra de la zona de manera que se reconozcan claramente los espacios. Mientras que el pavimento correspondiente al \u00e1rea de la iglesia presenta la junta cerrada y dibuja las cruj\u00edas del edificio original, el del \u00e1rea del convento presenta un espacio entre las losas de pavimento que permite el crecimiento de la vegetaci\u00f3n, quedando perfectamente integrado en el conjunto del jard\u00edn. Los restos de muros de mamposter\u00eda y pavimentos de guijarros del convento que quedan a ras de suelo dialogan y se funden con el manto verde del jard\u00edn.<\/p>\n<p style=\"text-align: justify\">La plaza atesora todav\u00eda numerosos restos arqueol\u00f3gicos y criptas en el subsuelo que, tras la pertinente limpieza, se han respetado para el futuro. Se han mantenido y recuperado no s\u00f3lo las trazas del propio convento e iglesia, sino tambi\u00e9n el acceso original desde la calle San Francisco a trav\u00e9s de la valla que rodeaba esa zona del conjunto, incorpor\u00e1ndose adem\u00e1s nuevos accesos a la plaza alrededor de la misma. Por otra parte, la vegetaci\u00f3n superviviente consistente en una serie de palmeras y un cipr\u00e9s, se ha conservado, emple\u00e1ndose como base para la nueva vegetaci\u00f3n de la zona ajardinada.<\/p>\n<p style=\"text-align: justify\"><strong>A\u00f1o finalizaci\u00f3n obra:&nbsp;<\/strong>2015<\/p>\n<p style=\"text-align: justify\"><strong>A\u00f1o realizaci\u00f3n proyecto:<\/strong> 2014<\/p>\n<p style=\"text-align: justify\"><strong>Ubicaci\u00f3n:&nbsp;<\/strong>Calle San Francisco 38, Vinaroz, Castell\u00f3n<\/p>\n<p style=\"text-align: justify\"><strong>Promotor:<\/strong><strong>&nbsp;<\/strong>Ayuntamiento de Vinaroz<\/p>\n<p style=\"text-align: justify\"><strong>Arquitectos:&nbsp;<\/strong>Fernando Vegas L\u00f3pez-Manzanares y Camilla Mileto<\/p>\n<p style=\"text-align: justify\"><strong>Arquitecto t\u00e9cnico:&nbsp;<\/strong>Salvador Tom\u00e1s M\u00e1rquez<\/p>\n<p style=\"text-align: justify\"><strong>Colaboradores: <\/strong>M.&nbsp;Soledad Garc\u00eda S\u00e1ez, Lidia Garc\u00eda Soriano, F. Javier G\u00f3mez Patrocinio, Isabel Segovia Campos<\/p>\n<p style=\"text-align: justify\"><strong>Instalaciones:&nbsp;<\/strong>INCOA Ingenieros Consultores<\/p>\n<p style=\"text-align: justify\"><strong>Iluminaci\u00f3n:&nbsp;<\/strong>El\u00edas Hurtado P\u00e9rez<\/p>\n<p style=\"text-align: justify\"><strong>Asesor\u00eda paisaj\u00edstica:&nbsp;<\/strong>Marta Edo<\/p>\n<p style=\"text-align: justify\"><strong>Premios:<\/strong><\/p>\n<ul>\n<li style=\"text-align: justify\">Primer premio en la categor\u00eda Urbanismo, Dise\u00f1o Urbano y Paisaje de los <span style=\"color: #000000\"><em><a style=\"color: #000000\" href=\"http:\/\/www.coacv.org\/docs\/noticias\/12365\/ACTA_PREMIOS_COACV_2015-16.pdf\">Premios de Arquitectura COACV 2015-2016<\/a><\/em><\/span><\/li>\n<li style=\"text-align: justify\"><span style=\"color: #000000\"><a style=\"color: #000000\" href=\"http:\/\/www.architetti.com\/innovazione-e-qualita-urbana-i-vincitori-dellxi-edizione-del-premio-iqu.html\" target=\"_blank\" rel=\"noopener noreferrer\">2\u00ba Premio <em>IQU Innovazione e Qualit\u00e0 Urbana 2016<\/em><\/a>,&nbsp; en la categor\u00eda<\/span> Regeneraci\u00f3n y rehabilitaci\u00f3n urbana, secci\u00f3n Obras construidas<\/li>\n<li style=\"text-align: justify\">Finalista en los premios <em>The Plan 2016<\/em> en la categor\u00eda Landscape<\/li>\n<\/ul>\n<p>ngg_shortcode_0_placeholder<strong>El proyecto en plataformas de arquitectura:<\/strong><\/p>\n<ul>\n<li><span style=\"color: #000000\"><a style=\"color: #000000\" href=\"http:\/\/www.plataformaarquitectura.cl\/cl\/789738\/jardin-de-la-memoria-en-vinaroz-camilla-mileto-plus-fernando-vegas\" target=\"_blank\" rel=\"noopener noreferrer\">Plataforma de arquitectura<\/a><\/span><\/li>\n<li><span style=\"color: #000000\"><a style=\"color: #000000\" href=\"https:\/\/www.plazatio.com\/es\/proyecto\/jardin-en-vinaroz\/mas-info\" target=\"_blank\" rel=\"noopener noreferrer\">Plazatio<\/a><\/span><\/li>\n<li><span style=\"color: #000000\"><a style=\"color: #000000\" href=\"http:\/\/divisare.com\/projects\/321138-camilla-mileto-fernando-vegas-lopez-manzanares-the-memory-garden\" target=\"_blank\" rel=\"noopener noreferrer\">Divisare<\/a><\/span><\/li>\n<li><span style=\"color: #000000\"><a style=\"color: #000000\" href=\"http:\/\/www.archdaily.com\/789750\/jardin-de-la-memoria-en-vinaroz-camilla-mileto-plus-fernando-vegas\" target=\"_blank\" rel=\"noopener noreferrer\">Archdaily<\/a><\/span><\/li>\n<\/ul>\n<p>&nbsp;<\/p>\n<p><a href=\"http:\/\/resarquitectura.blogs.upv.es\/?page_id=92\">Volver<\/a><\/p>","protected":false},"excerpt":{"rendered":"<p class=\"excerpt\">En el a\u00f1o 2001 tuvo lugar el derribo de la iglesia y convento de San Francisco de la localidad castellonense de Vinar\u00f2s, quedando \u00fanicamente en pie parte del muro norte de la iglesia y del pavimento interior de la misma. Tras este triste suceso, el espacio hasta entonces ocupado por el conjunto conventual fue asfaltado y dedicado a espacio de&hellip;<\/p>\n<p class=\"more-link-p\"><a class=\"btn btn-default\" href=\"https:\/\/resarquitectura.blogs.upv.es\/?page_id=169\">Read more<\/a><\/p>\n","protected":false},"author":5990,"featured_media":0,"parent":0,"menu_order":0,"comment_status":"closed","ping_status":"closed","template":"","meta":{"ngg_post_thumbnail":0,"footnotes":""},"class_list":["post-169","page","type-page","status-publish","hentry"],"aioseo_notices":[],"_links":{"self":[{"href":"https:\/\/resarquitectura.blogs.upv.es\/index.php?rest_route=\/wp\/v2\/pages\/169","targetHints":{"allow":["GET"]}}],"collection":[{"href":"https:\/\/resarquitectura.blogs.upv.es\/index.php?rest_route=\/wp\/v2\/pages"}],"about":[{"href":"https:\/\/resarquitectura.blogs.upv.es\/index.php?rest_route=\/wp\/v2\/types\/page"}],"author":[{"embeddable":true,"href":"https:\/\/resarquitectura.blogs.upv.es\/index.php?rest_route=\/wp\/v2\/users\/5990"}],"replies":[{"embeddable":true,"href":"https:\/\/resarquitectura.blogs.upv.es\/index.php?rest_route=%2Fwp%2Fv2%2Fcomments&post=169"}],"version-history":[{"count":3,"href":"https:\/\/resarquitectura.blogs.upv.es\/index.php?rest_route=\/wp\/v2\/pages\/169\/revisions"}],"predecessor-version":[{"id":16732,"href":"https:\/\/resarquitectura.blogs.upv.es\/index.php?rest_route=\/wp\/v2\/pages\/169\/revisions\/16732"}],"wp:attachment":[{"href":"https:\/\/resarquitectura.blogs.upv.es\/index.php?rest_route=%2Fwp%2Fv2%2Fmedia&parent=169"}],"curies":[{"name":"wp","href":"https:\/\/api.w.org\/{rel}","templated":true}]}}