{"id":18167,"date":"2020-12-01T12:06:53","date_gmt":"2020-12-01T11:06:53","guid":{"rendered":"http:\/\/resarquitectura.blogs.upv.es\/?page_id=18167"},"modified":"2020-12-03T13:51:21","modified_gmt":"2020-12-03T12:51:21","slug":"estudio-preliminar-del-castillo-de-bellver-palma-de-mallorca-2-3-2","status":"publish","type":"page","link":"https:\/\/resarquitectura.blogs.upv.es\/?page_id=18167","title":{"rendered":"Plan Director del Castillo de La Vilavella"},"content":{"rendered":"<p><\/p>\n<p style=\"text-align: justify\"><strong>A\u00f1o:<\/strong> 2020<\/p>\n<p style=\"text-align: justify\"><strong>Ubicaci\u00f3n:<\/strong> La Vilavella (Castell\u00f3n)<\/p>\n<p style=\"text-align: justify\"><strong>Promotor:<\/strong> Ayuntamiento de La Vilavella<\/p>\n<p style=\"text-align: justify\"><strong>Arquitectos:<\/strong> Camilla Mileto y Fernando Vegas L\u00f3pez-Manzanares<\/p>\n<p style=\"text-align: justify\"><strong>Colaboradores:<\/strong> Sergio Manzano Fern\u00e1ndez, Anna P\u00e9rez Vila, Francesca Trizio, Salvador Tom\u00e1s M\u00e1rquez, Pablo Rodr\u00edguez Navarro, Teresa Gil Piqueras, Jos\u00e9 Ferrandis Montesinos, Antonio S\u00e1ez Landete<\/p>\n<p>ngg_shortcode_0_placeholder<a href=\"http:\/\/resarquitectura.blogs.upv.es\/?page_id=2606\">Volver<\/a><\/p>","protected":false},"excerpt":{"rendered":"<p class=\"excerpt\">A\u00f1o: 2020 Ubicaci\u00f3n: La Vilavella (Castell\u00f3n) Promotor: Ayuntamiento de La Vilavella Arquitectos: Camilla Mileto y Fernando Vegas L\u00f3pez-Manzanares Colaboradores: Sergio Manzano Fern\u00e1ndez, Anna P\u00e9rez Vila, Francesca Trizio, Salvador Tom\u00e1s M\u00e1rquez, Pablo Rodr\u00edguez Navarro, Teresa Gil Piqueras, Jos\u00e9 Ferrandis Montesinos, Antonio S\u00e1ez Landete Volver<\/p>\n<p class=\"more-link-p\"><a class=\"btn btn-default\" href=\"https:\/\/resarquitectura.blogs.upv.es\/?page_id=18167\">Read more<\/a><\/p>\n","protected":false},"author":26148,"featured_media":0,"parent":0,"menu_order":0,"comment_status":"closed","ping_status":"closed","template":"","meta":{"ngg_post_thumbnail":0,"footnotes":""},"class_list":["post-18167","page","type-page","status-publish","hentry"],"aioseo_notices":[],"_links":{"self":[{"href":"https:\/\/resarquitectura.blogs.upv.es\/index.php?rest_route=\/wp\/v2\/pages\/18167","targetHints":{"allow":["GET"]}}],"collection":[{"href":"https:\/\/resarquitectura.blogs.upv.es\/index.php?rest_route=\/wp\/v2\/pages"}],"about":[{"href":"https:\/\/resarquitectura.blogs.upv.es\/index.php?rest_route=\/wp\/v2\/types\/page"}],"author":[{"embeddable":true,"href":"https:\/\/resarquitectura.blogs.upv.es\/index.php?rest_route=\/wp\/v2\/users\/26148"}],"replies":[{"embeddable":true,"href":"https:\/\/resarquitectura.blogs.upv.es\/index.php?rest_route=%2Fwp%2Fv2%2Fcomments&post=18167"}],"version-history":[{"count":2,"href":"https:\/\/resarquitectura.blogs.upv.es\/index.php?rest_route=\/wp\/v2\/pages\/18167\/revisions"}],"predecessor-version":[{"id":18375,"href":"https:\/\/resarquitectura.blogs.upv.es\/index.php?rest_route=\/wp\/v2\/pages\/18167\/revisions\/18375"}],"wp:attachment":[{"href":"https:\/\/resarquitectura.blogs.upv.es\/index.php?rest_route=%2Fwp%2Fv2%2Fmedia&parent=18167"}],"curies":[{"name":"wp","href":"https:\/\/api.w.org\/{rel}","templated":true}]}}