{"id":19336,"date":"2021-05-28T13:31:17","date_gmt":"2021-05-28T12:31:17","guid":{"rendered":"https:\/\/resarquitectura.blogs.upv.es\/?page_id=19336"},"modified":"2024-10-03T10:04:30","modified_gmt":"2024-10-03T09:04:30","slug":"proyecto-de-restauracion-de-la-torreta-del-castillo-de-jerica-2-2","status":"publish","type":"page","link":"https:\/\/resarquitectura.blogs.upv.es\/?page_id=19336","title":{"rendered":"Obras de emergencia en el monasterio de la Valldigna"},"content":{"rendered":"<p><\/p>\n<p style=\"text-align: justify\"><strong>A\u00f1o:&nbsp;<\/strong>2021<\/p>\n<p style=\"text-align: justify\"><strong>Emplazamiento:<\/strong> Simat de la Valldigna (Valencia)<\/p>\n<p style=\"text-align: justify\"><strong>Promotor:<\/strong> Servicio de promoci\u00f3n cultural y apoyo t\u00e9cnico<\/p>\n<p style=\"text-align: justify\"><strong>Arquitectos:<\/strong>&nbsp;Camilla Mileto y Fernando Vegas<\/p>\n<p style=\"text-align: justify\"><strong>Colaboradores: <\/strong>Sergio Manzano Fern\u00e1ndez, Laura Anatol Roman\u00ed, Salvador Tom\u00e1s M\u00e1rquez, Adolfo Alonso Dur\u00e1, Pablo Rodr\u00edguez Navarro, Teresa Gil Piqueras, Anna P\u00e9rez Vila, Santiago Tormo, Rafael Royo, Beatriz Mart\u00edn Peinado<\/p>\nngg_shortcode_0_placeholder\n<p><a href=\"http:\/\/resarquitectura.blogs.upv.es\/?page_id=92\">Volver<\/a><\/p>\n<p>&nbsp;<\/p>\n\n\n<p><\/p>","protected":false},"excerpt":{"rendered":"<p class=\"excerpt\">A\u00f1o:&nbsp;2021 Emplazamiento: Simat de la Valldigna (Valencia) Promotor: Servicio de promoci\u00f3n cultural y apoyo t\u00e9cnico Arquitectos:&nbsp;Camilla Mileto y Fernando Vegas Colaboradores: Sergio Manzano Fern\u00e1ndez, Laura Anatol Roman\u00ed, Salvador Tom\u00e1s M\u00e1rquez, Adolfo Alonso Dur\u00e1, Pablo Rodr\u00edguez Navarro, Teresa Gil Piqueras, Anna P\u00e9rez Vila, Santiago Tormo, Rafael Royo, Beatriz Mart\u00edn Peinado Volver &nbsp;<\/p>\n<p class=\"more-link-p\"><a class=\"btn btn-default\" href=\"https:\/\/resarquitectura.blogs.upv.es\/?page_id=19336\">Read more<\/a><\/p>\n","protected":false},"author":26148,"featured_media":0,"parent":0,"menu_order":0,"comment_status":"closed","ping_status":"closed","template":"","meta":{"ngg_post_thumbnail":0,"footnotes":""},"class_list":["post-19336","page","type-page","status-publish","hentry"],"aioseo_notices":[],"_links":{"self":[{"href":"https:\/\/resarquitectura.blogs.upv.es\/index.php?rest_route=\/wp\/v2\/pages\/19336","targetHints":{"allow":["GET"]}}],"collection":[{"href":"https:\/\/resarquitectura.blogs.upv.es\/index.php?rest_route=\/wp\/v2\/pages"}],"about":[{"href":"https:\/\/resarquitectura.blogs.upv.es\/index.php?rest_route=\/wp\/v2\/types\/page"}],"author":[{"embeddable":true,"href":"https:\/\/resarquitectura.blogs.upv.es\/index.php?rest_route=\/wp\/v2\/users\/26148"}],"replies":[{"embeddable":true,"href":"https:\/\/resarquitectura.blogs.upv.es\/index.php?rest_route=%2Fwp%2Fv2%2Fcomments&post=19336"}],"version-history":[{"count":2,"href":"https:\/\/resarquitectura.blogs.upv.es\/index.php?rest_route=\/wp\/v2\/pages\/19336\/revisions"}],"predecessor-version":[{"id":21376,"href":"https:\/\/resarquitectura.blogs.upv.es\/index.php?rest_route=\/wp\/v2\/pages\/19336\/revisions\/21376"}],"wp:attachment":[{"href":"https:\/\/resarquitectura.blogs.upv.es\/index.php?rest_route=%2Fwp%2Fv2%2Fmedia&parent=19336"}],"curies":[{"name":"wp","href":"https:\/\/api.w.org\/{rel}","templated":true}]}}