{"id":19464,"date":"2021-06-01T12:15:10","date_gmt":"2021-06-01T11:15:10","guid":{"rendered":"https:\/\/resarquitectura.blogs.upv.es\/?page_id=19464"},"modified":"2024-10-03T10:02:59","modified_gmt":"2024-10-03T09:02:59","slug":"proyecto-de-restauracion-de-la-torreta-del-castillo-de-jerica-2-3","status":"publish","type":"page","link":"https:\/\/resarquitectura.blogs.upv.es\/?page_id=19464","title":{"rendered":"Obra de restauraci\u00f3n de una vivienda en Sesga 119"},"content":{"rendered":"<p><\/p>\n<p style=\"text-align: justify\"><strong>A\u00f1o:&nbsp;<\/strong>2020-2021<\/p>\n<p style=\"text-align: justify\"><strong>Emplazamiento:<\/strong> Sesga, Ademuz (Valencia)<\/p>\n<p style=\"text-align: justify\"><strong>Promotor:<\/strong> privado<\/p>\n<p style=\"text-align: justify\"><strong>Arquitectos:<\/strong>&nbsp;Camilla Mileto y Fernando Vegas<\/p>\n<p style=\"text-align: justify\"><strong>Colaboradores: <\/strong>Valentina Cristini, Sergio Manzano Fern\u00e1ndez, Laura Anatol Roman\u00ed, Salvador Tom\u00e1s M\u00e1rquez, Adolfo Alonso Dur\u00e1, Beatriz Mart\u00edn Peinado<\/p>\n<p>ngg_shortcode_0_placeholder<a href=\"http:\/\/resarquitectura.blogs.upv.es\/?page_id=92\">Volver<\/a><\/p>","protected":false},"excerpt":{"rendered":"<p class=\"excerpt\">A\u00f1o:&nbsp;2020-2021 Emplazamiento: Sesga, Ademuz (Valencia) Promotor: privado Arquitectos:&nbsp;Camilla Mileto y Fernando Vegas Colaboradores: Valentina Cristini, Sergio Manzano Fern\u00e1ndez, Laura Anatol Roman\u00ed, Salvador Tom\u00e1s M\u00e1rquez, Adolfo Alonso Dur\u00e1, Beatriz Mart\u00edn Peinado Volver<\/p>\n<p class=\"more-link-p\"><a class=\"btn btn-default\" href=\"https:\/\/resarquitectura.blogs.upv.es\/?page_id=19464\">Read more<\/a><\/p>\n","protected":false},"author":26148,"featured_media":0,"parent":0,"menu_order":0,"comment_status":"closed","ping_status":"closed","template":"","meta":{"ngg_post_thumbnail":0,"footnotes":""},"class_list":["post-19464","page","type-page","status-publish","hentry"],"aioseo_notices":[],"_links":{"self":[{"href":"https:\/\/resarquitectura.blogs.upv.es\/index.php?rest_route=\/wp\/v2\/pages\/19464","targetHints":{"allow":["GET"]}}],"collection":[{"href":"https:\/\/resarquitectura.blogs.upv.es\/index.php?rest_route=\/wp\/v2\/pages"}],"about":[{"href":"https:\/\/resarquitectura.blogs.upv.es\/index.php?rest_route=\/wp\/v2\/types\/page"}],"author":[{"embeddable":true,"href":"https:\/\/resarquitectura.blogs.upv.es\/index.php?rest_route=\/wp\/v2\/users\/26148"}],"replies":[{"embeddable":true,"href":"https:\/\/resarquitectura.blogs.upv.es\/index.php?rest_route=%2Fwp%2Fv2%2Fcomments&post=19464"}],"version-history":[{"count":2,"href":"https:\/\/resarquitectura.blogs.upv.es\/index.php?rest_route=\/wp\/v2\/pages\/19464\/revisions"}],"predecessor-version":[{"id":21374,"href":"https:\/\/resarquitectura.blogs.upv.es\/index.php?rest_route=\/wp\/v2\/pages\/19464\/revisions\/21374"}],"wp:attachment":[{"href":"https:\/\/resarquitectura.blogs.upv.es\/index.php?rest_route=%2Fwp%2Fv2%2Fmedia&parent=19464"}],"curies":[{"name":"wp","href":"https:\/\/api.w.org\/{rel}","templated":true}]}}