{"id":19903,"date":"2022-02-01T21:08:26","date_gmt":"2022-02-01T20:08:26","guid":{"rendered":"https:\/\/resarquitectura.blogs.upv.es\/?page_id=19903"},"modified":"2022-02-01T21:52:28","modified_gmt":"2022-02-01T20:52:28","slug":"muros-mixtos-de-tierra-y-madera-en-espana-aproximacion-a-su-logica-constructiva-y-caracterizacion-2-2","status":"publish","type":"page","link":"https:\/\/resarquitectura.blogs.upv.es\/?page_id=19903","title":{"rendered":"Tell Keila (Palestina). Arquitectura funeraria en el conjunto arqueol\u00f3gico"},"content":{"rendered":"<p><strong><img loading=\"lazy\" decoding=\"async\" class=\"wp-image-19904 size-medium alignleft\" src=\"http:\/\/resarquitectura.blogs.upv.es\/wp-content\/uploads\/2022\/02\/cartel-2021-02_low-212x300.jpg\" alt=\"\" width=\"212\" height=\"300\" srcset=\"https:\/\/resarquitectura.blogs.upv.es\/wp-content\/uploads\/2022\/02\/cartel-2021-02_low-212x300.jpg 212w, https:\/\/resarquitectura.blogs.upv.es\/wp-content\/uploads\/2022\/02\/cartel-2021-02_low-724x1024.jpg 724w, https:\/\/resarquitectura.blogs.upv.es\/wp-content\/uploads\/2022\/02\/cartel-2021-02_low-768x1086.jpg 768w, https:\/\/resarquitectura.blogs.upv.es\/wp-content\/uploads\/2022\/02\/cartel-2021-02_low-1086x1536.jpg 1086w, https:\/\/resarquitectura.blogs.upv.es\/wp-content\/uploads\/2022\/02\/cartel-2021-02_low-1448x2048.jpg 1448w, https:\/\/resarquitectura.blogs.upv.es\/wp-content\/uploads\/2022\/02\/cartel-2021-02_low.jpg 1754w\" sizes=\"auto, (max-width: 212px) 100vw, 212px\" \/>T\u00edtulo:<\/strong> Tell Keila (Palestina). Arquitectura funeraria en el conjunto arqueol\u00f3gico.<\/p>\n<p><strong>Ponente: <\/strong>Sergio Manzano Fern\u00e1ndez<\/p>\n<p><strong>Fecha:<\/strong> 25 de febrero de 2021<\/p>\n<p><strong>Conferencia online:<\/strong> <a href=\"https:\/\/www.youtube.com\/watch?v=BYa6gFF0Jig&amp;t=1461s\">Enlace a la conferencia<\/a><\/p>\n<p>&nbsp;<\/p>\n<p><a href=\"http:\/\/resarquitectura.blogs.upv.es\/?page_id=285\">Volver<\/a><\/p>","protected":false},"excerpt":{"rendered":"<p class=\"excerpt\">T\u00edtulo: Tell Keila (Palestina). Arquitectura funeraria en el conjunto arqueol\u00f3gico. Ponente: Sergio Manzano Fern\u00e1ndez Fecha: 25 de febrero de 2021 Conferencia online: Enlace a la conferencia &nbsp; Volver<\/p>\n<p class=\"more-link-p\"><a class=\"btn btn-default\" href=\"https:\/\/resarquitectura.blogs.upv.es\/?page_id=19903\">Read more<\/a><\/p>\n","protected":false},"author":26148,"featured_media":0,"parent":0,"menu_order":0,"comment_status":"closed","ping_status":"closed","template":"","meta":{"ngg_post_thumbnail":0,"footnotes":""},"class_list":["post-19903","page","type-page","status-publish","hentry"],"aioseo_notices":[],"_links":{"self":[{"href":"https:\/\/resarquitectura.blogs.upv.es\/index.php?rest_route=\/wp\/v2\/pages\/19903","targetHints":{"allow":["GET"]}}],"collection":[{"href":"https:\/\/resarquitectura.blogs.upv.es\/index.php?rest_route=\/wp\/v2\/pages"}],"about":[{"href":"https:\/\/resarquitectura.blogs.upv.es\/index.php?rest_route=\/wp\/v2\/types\/page"}],"author":[{"embeddable":true,"href":"https:\/\/resarquitectura.blogs.upv.es\/index.php?rest_route=\/wp\/v2\/users\/26148"}],"replies":[{"embeddable":true,"href":"https:\/\/resarquitectura.blogs.upv.es\/index.php?rest_route=%2Fwp%2Fv2%2Fcomments&post=19903"}],"version-history":[{"count":2,"href":"https:\/\/resarquitectura.blogs.upv.es\/index.php?rest_route=\/wp\/v2\/pages\/19903\/revisions"}],"predecessor-version":[{"id":19937,"href":"https:\/\/resarquitectura.blogs.upv.es\/index.php?rest_route=\/wp\/v2\/pages\/19903\/revisions\/19937"}],"wp:attachment":[{"href":"https:\/\/resarquitectura.blogs.upv.es\/index.php?rest_route=%2Fwp%2Fv2%2Fmedia&parent=19903"}],"curies":[{"name":"wp","href":"https:\/\/api.w.org\/{rel}","templated":true}]}}