{"id":19928,"date":"2022-02-01T21:38:52","date_gmt":"2022-02-01T20:38:52","guid":{"rendered":"https:\/\/resarquitectura.blogs.upv.es\/?page_id=19928"},"modified":"2022-02-01T21:38:52","modified_gmt":"2022-02-01T20:38:52","slug":"muros-mixtos-de-tierra-y-madera-en-espana-aproximacion-a-su-logica-constructiva-y-caracterizacion-2-9","status":"publish","type":"page","link":"https:\/\/resarquitectura.blogs.upv.es\/?page_id=19928","title":{"rendered":"Bioconstrucci\u00f3n: una visi\u00f3n hol\u00edstica con sentido com\u00fan"},"content":{"rendered":"<p><strong><img loading=\"lazy\" decoding=\"async\" class=\"wp-image-19929 size-medium alignleft\" src=\"http:\/\/resarquitectura.blogs.upv.es\/wp-content\/uploads\/2022\/02\/cartel-2021-12-212x300.jpg\" alt=\"\" width=\"212\" height=\"300\" srcset=\"https:\/\/resarquitectura.blogs.upv.es\/wp-content\/uploads\/2022\/02\/cartel-2021-12-212x300.jpg 212w, https:\/\/resarquitectura.blogs.upv.es\/wp-content\/uploads\/2022\/02\/cartel-2021-12-724x1024.jpg 724w, https:\/\/resarquitectura.blogs.upv.es\/wp-content\/uploads\/2022\/02\/cartel-2021-12-768x1086.jpg 768w, https:\/\/resarquitectura.blogs.upv.es\/wp-content\/uploads\/2022\/02\/cartel-2021-12-1086x1536.jpg 1086w, https:\/\/resarquitectura.blogs.upv.es\/wp-content\/uploads\/2022\/02\/cartel-2021-12.jpg 1228w\" sizes=\"auto, (max-width: 212px) 100vw, 212px\" \/>T\u00edtulo:<\/strong> Bioconstrucci\u00f3n: una visi\u00f3n hol\u00edstica con sentido com\u00fan.<\/p>\n<p><strong>Ponente: <\/strong>Petra Jebens-Zirkel<\/p>\n<p><strong>Fecha:<\/strong> 16 de diciembre de 2021<\/p>\n<p><strong>Conferencia online:<\/strong> <a href=\"https:\/\/www.youtube.com\/watch?v=CiflT7HRl-4\">Enlace a la conferencia<\/a><\/p>\n<p>&nbsp;<\/p>\n<p><a href=\"http:\/\/resarquitectura.blogs.upv.es\/?page_id=285\">Volver<\/a><\/p>","protected":false},"excerpt":{"rendered":"<p class=\"excerpt\">T\u00edtulo: Bioconstrucci\u00f3n: una visi\u00f3n hol\u00edstica con sentido com\u00fan. Ponente: Petra Jebens-Zirkel Fecha: 16 de diciembre de 2021 Conferencia online: Enlace a la conferencia &nbsp; Volver<\/p>\n<p class=\"more-link-p\"><a class=\"btn btn-default\" href=\"https:\/\/resarquitectura.blogs.upv.es\/?page_id=19928\">Read more<\/a><\/p>\n","protected":false},"author":26148,"featured_media":0,"parent":0,"menu_order":0,"comment_status":"closed","ping_status":"closed","template":"","meta":{"ngg_post_thumbnail":0,"footnotes":""},"class_list":["post-19928","page","type-page","status-publish","hentry"],"aioseo_notices":[],"_links":{"self":[{"href":"https:\/\/resarquitectura.blogs.upv.es\/index.php?rest_route=\/wp\/v2\/pages\/19928","targetHints":{"allow":["GET"]}}],"collection":[{"href":"https:\/\/resarquitectura.blogs.upv.es\/index.php?rest_route=\/wp\/v2\/pages"}],"about":[{"href":"https:\/\/resarquitectura.blogs.upv.es\/index.php?rest_route=\/wp\/v2\/types\/page"}],"author":[{"embeddable":true,"href":"https:\/\/resarquitectura.blogs.upv.es\/index.php?rest_route=\/wp\/v2\/users\/26148"}],"replies":[{"embeddable":true,"href":"https:\/\/resarquitectura.blogs.upv.es\/index.php?rest_route=%2Fwp%2Fv2%2Fcomments&post=19928"}],"version-history":[{"count":1,"href":"https:\/\/resarquitectura.blogs.upv.es\/index.php?rest_route=\/wp\/v2\/pages\/19928\/revisions"}],"predecessor-version":[{"id":19930,"href":"https:\/\/resarquitectura.blogs.upv.es\/index.php?rest_route=\/wp\/v2\/pages\/19928\/revisions\/19930"}],"wp:attachment":[{"href":"https:\/\/resarquitectura.blogs.upv.es\/index.php?rest_route=%2Fwp%2Fv2%2Fmedia&parent=19928"}],"curies":[{"name":"wp","href":"https:\/\/api.w.org\/{rel}","templated":true}]}}