{"id":2922,"date":"2016-05-04T11:53:47","date_gmt":"2016-05-04T10:53:47","guid":{"rendered":"http:\/\/resarquitectura.blogs.upv.es\/?page_id=2922"},"modified":"2020-07-16T13:23:10","modified_gmt":"2020-07-16T12:23:10","slug":"edificios-de-23-viviendas-vpo","status":"publish","type":"page","link":"https:\/\/resarquitectura.blogs.upv.es\/?page_id=2922","title":{"rendered":"Edificios de 23 viviendas VPO"},"content":{"rendered":"<p><\/p>\n<p style=\"text-align: justify\"><strong>A\u00f1o finalizaci\u00f3n obra:&nbsp;<\/strong>2010<\/p>\n<p style=\"text-align: justify\"><strong>A\u00f1o realizaci\u00f3n proyecto:<\/strong> 2005<\/p>\n<p style=\"text-align: justify\"><strong>Ubicaci\u00f3n:<\/strong> C\/ Maldonado,&nbsp;33 y C\/ Recaredo 23 y 24 (Valencia)<\/p>\n<p style=\"text-align: justify\"><strong>Promotor:<\/strong> AUMSA<\/p>\n<p style=\"text-align: justify\"><strong>Arquitectos:&nbsp;<\/strong>Fernando Vegas L\u00f3pez-Manzanares y Camilla Mileto<\/p>\n<p style=\"text-align: justify\"><strong>Arquitecto t\u00e9cnico:&nbsp;<\/strong>Francisco Hidalgo Delgado<\/p>\n<p style=\"text-align: justify\"><strong>Colaboradores: <\/strong>M.&nbsp;Soledad Garc\u00eda S\u00e1ez,&nbsp;Jos\u00e9 Miguel Zapata Peral, Valentina Cristini, Maria Mestre Antoni, Marta C\u00f3rcoles Mart\u00ednez, Elena P\u00e9rez Mart\u00ednez, Daniella Mucci, Enrique Costa Pelufo, Irene Garc\u00eda Mart\u00ednez, Kerstin Leerhoff, Kathrin Sauerwein, Neus Vilalta Vilanova<\/p>\n<p style=\"text-align: justify\"><strong>C\u00e1lculo estructural:<\/strong>&nbsp;Vicente Pa\u00f1ego Lozano, Francesc Aznar Antoni, Juan Manuel P\u00e9rez Adelantado<\/p>\n<p style=\"text-align: justify\"><strong>C\u00e1lculo de instalaciones:<\/strong> Antonio Mart\u00ed, INCOA S.L.<\/p>\n<p style=\"text-align: justify\"><strong>Telecomunicaciones:<\/strong> Jes\u00fas Gracia Saz<\/p>\n<p>ngg_shortcode_0_placeholder<a href=\"http:\/\/resarquitectura.blogs.upv.es\/?page_id=94\">Volver<\/a><\/p>","protected":false},"excerpt":{"rendered":"<p class=\"excerpt\">A\u00f1o finalizaci\u00f3n obra:&nbsp;2010 A\u00f1o realizaci\u00f3n proyecto: 2005 Ubicaci\u00f3n: C\/ Maldonado,&nbsp;33 y C\/ Recaredo 23 y 24 (Valencia) Promotor: AUMSA Arquitectos:&nbsp;Fernando Vegas L\u00f3pez-Manzanares y Camilla Mileto Arquitecto t\u00e9cnico:&nbsp;Francisco Hidalgo Delgado Colaboradores: M.&nbsp;Soledad Garc\u00eda S\u00e1ez,&nbsp;Jos\u00e9 Miguel Zapata Peral, Valentina Cristini, Maria Mestre Antoni, Marta C\u00f3rcoles Mart\u00ednez, Elena P\u00e9rez Mart\u00ednez, Daniella Mucci, Enrique Costa Pelufo, Irene Garc\u00eda Mart\u00ednez, Kerstin Leerhoff, Kathrin Sauerwein, Neus&hellip;<\/p>\n<p class=\"more-link-p\"><a class=\"btn btn-default\" href=\"https:\/\/resarquitectura.blogs.upv.es\/?page_id=2922\">Read more<\/a><\/p>\n","protected":false},"author":41051,"featured_media":0,"parent":0,"menu_order":0,"comment_status":"closed","ping_status":"closed","template":"","meta":{"ngg_post_thumbnail":0,"footnotes":""},"class_list":["post-2922","page","type-page","status-publish","hentry"],"aioseo_notices":[],"_links":{"self":[{"href":"https:\/\/resarquitectura.blogs.upv.es\/index.php?rest_route=\/wp\/v2\/pages\/2922","targetHints":{"allow":["GET"]}}],"collection":[{"href":"https:\/\/resarquitectura.blogs.upv.es\/index.php?rest_route=\/wp\/v2\/pages"}],"about":[{"href":"https:\/\/resarquitectura.blogs.upv.es\/index.php?rest_route=\/wp\/v2\/types\/page"}],"author":[{"embeddable":true,"href":"https:\/\/resarquitectura.blogs.upv.es\/index.php?rest_route=\/wp\/v2\/users\/41051"}],"replies":[{"embeddable":true,"href":"https:\/\/resarquitectura.blogs.upv.es\/index.php?rest_route=%2Fwp%2Fv2%2Fcomments&post=2922"}],"version-history":[{"count":2,"href":"https:\/\/resarquitectura.blogs.upv.es\/index.php?rest_route=\/wp\/v2\/pages\/2922\/revisions"}],"predecessor-version":[{"id":16384,"href":"https:\/\/resarquitectura.blogs.upv.es\/index.php?rest_route=\/wp\/v2\/pages\/2922\/revisions\/16384"}],"wp:attachment":[{"href":"https:\/\/resarquitectura.blogs.upv.es\/index.php?rest_route=%2Fwp%2Fv2%2Fmedia&parent=2922"}],"curies":[{"name":"wp","href":"https:\/\/api.w.org\/{rel}","templated":true}]}}