{"id":313,"date":"2016-02-11T12:32:09","date_gmt":"2016-02-11T11:32:09","guid":{"rendered":"http:\/\/resarquitectura.blogs.upv.es\/?page_id=313"},"modified":"2016-04-20T16:40:59","modified_gmt":"2016-04-20T15:40:59","slug":"la-conservacion-de-las-fortificaciones-de-tapia-en-shark-al-andalus-la-lectura-arquitectonica","status":"publish","type":"page","link":"https:\/\/resarquitectura.blogs.upv.es\/?page_id=313","title":{"rendered":"La conservaci\u00f3n de las fortificaciones de tapia en Shark Al-Andalus: la lectura arquitect\u00f3nica"},"content":{"rendered":"<p><img loading=\"lazy\" decoding=\"async\" class=\"alignleft wp-image-315 size-medium\" src=\"http:\/\/resarquitectura.blogs.upv.es\/wp-content\/uploads\/2016\/02\/panel_2014.04.11-low-212x300.jpg\" alt=\"panel_2014.04.11 low\" width=\"212\" height=\"300\" srcset=\"https:\/\/resarquitectura.blogs.upv.es\/wp-content\/uploads\/2016\/02\/panel_2014.04.11-low-212x300.jpg 212w, https:\/\/resarquitectura.blogs.upv.es\/wp-content\/uploads\/2016\/02\/panel_2014.04.11-low.jpg 334w\" sizes=\"auto, (max-width: 212px) 100vw, 212px\" \/><\/p>\n<p style=\"text-align: justify\"><strong>T\u00edtulo: <\/strong>La conservaci\u00f3n de las fortificaciones de tapia en Shark Al-Andalus: la lectura arquitect\u00f3nica<\/p>\n<p style=\"text-align: justify\"><strong>Ponente:\u00a0<\/strong>Alba Soler Estrella<\/p>\n<p style=\"text-align: justify\"><strong>Fecha:\u00a0<\/strong>11<strong>\u00a0<\/strong>de Abril\u00a0de 2014<\/p>\n<p style=\"text-align: justify\"><strong>Lugar:\u00a0<\/strong>Sala de proyecciones de la ETSA, Universitat Polit\u00e8cnica de Val\u00e8ncia<\/p>\n<p style=\"text-align: justify\"><a href=\"https:\/\/www.youtube.com\/watch?v=H6AAIwv0ivA\" target=\"_blank\">V\u00eddeo de\u00a0la conferencia\u00a0<\/a><\/p>\n<p style=\"text-align: justify\"><a href=\"http:\/\/resarquitectura.blogs.upv.es\/?page_id=285\">Volver<\/a><\/p>\n","protected":false},"excerpt":{"rendered":"<p class=\"excerpt\">T\u00edtulo: La conservaci\u00f3n de las fortificaciones de tapia en Shark Al-Andalus: la lectura arquitect\u00f3nica Ponente:\u00a0Alba Soler Estrella Fecha:\u00a011\u00a0de Abril\u00a0de 2014 Lugar:\u00a0Sala de proyecciones de la ETSA, Universitat Polit\u00e8cnica de Val\u00e8ncia V\u00eddeo de\u00a0la conferencia\u00a0 Volver<\/p>\n<p class=\"more-link-p\"><a class=\"btn btn-default\" href=\"https:\/\/resarquitectura.blogs.upv.es\/?page_id=313\">Read more<\/a><\/p>\n","protected":false},"author":5990,"featured_media":0,"parent":0,"menu_order":0,"comment_status":"closed","ping_status":"closed","template":"","meta":{"ngg_post_thumbnail":0,"footnotes":""},"class_list":["post-313","page","type-page","status-publish","hentry"],"aioseo_notices":[],"_links":{"self":[{"href":"https:\/\/resarquitectura.blogs.upv.es\/index.php?rest_route=\/wp\/v2\/pages\/313","targetHints":{"allow":["GET"]}}],"collection":[{"href":"https:\/\/resarquitectura.blogs.upv.es\/index.php?rest_route=\/wp\/v2\/pages"}],"about":[{"href":"https:\/\/resarquitectura.blogs.upv.es\/index.php?rest_route=\/wp\/v2\/types\/page"}],"author":[{"embeddable":true,"href":"https:\/\/resarquitectura.blogs.upv.es\/index.php?rest_route=\/wp\/v2\/users\/5990"}],"replies":[{"embeddable":true,"href":"https:\/\/resarquitectura.blogs.upv.es\/index.php?rest_route=%2Fwp%2Fv2%2Fcomments&post=313"}],"version-history":[{"count":0,"href":"https:\/\/resarquitectura.blogs.upv.es\/index.php?rest_route=\/wp\/v2\/pages\/313\/revisions"}],"wp:attachment":[{"href":"https:\/\/resarquitectura.blogs.upv.es\/index.php?rest_route=%2Fwp%2Fv2%2Fmedia&parent=313"}],"curies":[{"name":"wp","href":"https:\/\/api.w.org\/{rel}","templated":true}]}}