{"id":5980,"date":"2018-04-17T11:30:02","date_gmt":"2018-04-17T10:30:02","guid":{"rendered":"http:\/\/resarquitectura.blogs.upv.es\/?page_id=5980"},"modified":"2018-04-18T10:55:58","modified_gmt":"2018-04-18T09:55:58","slug":"proyectos-en-arquitectura-de-tierra-del-getty-conservation-institute-peru-y-marruecos","status":"publish","type":"page","link":"https:\/\/resarquitectura.blogs.upv.es\/?page_id=5980","title":{"rendered":"Proyectos en arquitectura de tierra del Getty Conservation Institute: Per\u00fa y Marruecos"},"content":{"rendered":"<p><strong><a href=\"http:\/\/resarquitectura.blogs.upv.es\/?attachment_id=5981\"><img loading=\"lazy\" decoding=\"async\" class=\"alignleft wp-image-5981 size-medium\" src=\"http:\/\/resarquitectura.blogs.upv.es\/wp-content\/uploads\/2018\/04\/cartel-2016-11-09_low2-212x300.jpg\" alt=\"\" width=\"212\" height=\"300\" srcset=\"https:\/\/resarquitectura.blogs.upv.es\/wp-content\/uploads\/2018\/04\/cartel-2016-11-09_low2-212x300.jpg 212w, https:\/\/resarquitectura.blogs.upv.es\/wp-content\/uploads\/2018\/04\/cartel-2016-11-09_low2-768x1086.jpg 768w, https:\/\/resarquitectura.blogs.upv.es\/wp-content\/uploads\/2018\/04\/cartel-2016-11-09_low2-724x1024.jpg 724w, https:\/\/resarquitectura.blogs.upv.es\/wp-content\/uploads\/2018\/04\/cartel-2016-11-09_low2.jpg 1654w\" sizes=\"auto, (max-width: 212px) 100vw, 212px\" \/><\/a>T\u00edtulo:<\/strong> Proyectos en arquitectura de tierra del Getty Conservation Institute: Per\u00fa y Marruecos<\/p>\n<p><strong>Ponente:\u00a0<\/strong>Benjamin\u00a0Marcus<\/p>\n<p><strong>Fecha:<\/strong>\u00a009 de Noviembre de 2016<\/p>\n<p><strong>Lugar:<\/strong>\u00a0Sala de proyecciones de la ETSA, Universitat Polit\u00e8cnica de Val\u00e8ncia<\/p>\n<p><a href=\"https:\/\/www.youtube.com\/watch?v=ghnSoCwrCXA\">V\u00eddeo de la conferencia<\/a><\/p>\n<p><a href=\"http:\/\/resarquitectura.blogs.upv.es\/?page_id=285\">Volver<\/a><\/p>","protected":false},"excerpt":{"rendered":"<p class=\"excerpt\">T\u00edtulo: Proyectos en arquitectura de tierra del Getty Conservation Institute: Per\u00fa y Marruecos Ponente:\u00a0Benjamin\u00a0Marcus Fecha:\u00a009 de Noviembre de 2016 Lugar:\u00a0Sala de proyecciones de la ETSA, Universitat Polit\u00e8cnica de Val\u00e8ncia V\u00eddeo de la conferencia Volver<\/p>\n<p class=\"more-link-p\"><a class=\"btn btn-default\" href=\"https:\/\/resarquitectura.blogs.upv.es\/?page_id=5980\">Read more<\/a><\/p>\n","protected":false},"author":41051,"featured_media":0,"parent":0,"menu_order":0,"comment_status":"closed","ping_status":"closed","template":"","meta":{"ngg_post_thumbnail":0,"footnotes":""},"class_list":["post-5980","page","type-page","status-publish","hentry"],"aioseo_notices":[],"_links":{"self":[{"href":"https:\/\/resarquitectura.blogs.upv.es\/index.php?rest_route=\/wp\/v2\/pages\/5980","targetHints":{"allow":["GET"]}}],"collection":[{"href":"https:\/\/resarquitectura.blogs.upv.es\/index.php?rest_route=\/wp\/v2\/pages"}],"about":[{"href":"https:\/\/resarquitectura.blogs.upv.es\/index.php?rest_route=\/wp\/v2\/types\/page"}],"author":[{"embeddable":true,"href":"https:\/\/resarquitectura.blogs.upv.es\/index.php?rest_route=\/wp\/v2\/users\/41051"}],"replies":[{"embeddable":true,"href":"https:\/\/resarquitectura.blogs.upv.es\/index.php?rest_route=%2Fwp%2Fv2%2Fcomments&post=5980"}],"version-history":[{"count":0,"href":"https:\/\/resarquitectura.blogs.upv.es\/index.php?rest_route=\/wp\/v2\/pages\/5980\/revisions"}],"wp:attachment":[{"href":"https:\/\/resarquitectura.blogs.upv.es\/index.php?rest_route=%2Fwp%2Fv2%2Fmedia&parent=5980"}],"curies":[{"name":"wp","href":"https:\/\/api.w.org\/{rel}","templated":true}]}}