{"id":683,"date":"2016-02-12T13:46:58","date_gmt":"2016-02-12T12:46:58","guid":{"rendered":"http:\/\/resarquitectura.blogs.upv.es\/?page_id=683"},"modified":"2026-02-14T18:52:40","modified_gmt":"2026-02-14T17:52:40","slug":"equipo-2","status":"publish","type":"page","link":"https:\/\/resarquitectura.blogs.upv.es\/?page_id=683","title":{"rendered":"Equipo"},"content":{"rendered":"<p><\/p>\n<p><img loading=\"lazy\" decoding=\"async\" class=\"alignnone wp-image-21571 size-full\" src=\"http:\/\/resarquitectura.blogs.upv.es\/wp-content\/uploads\/2026\/02\/mosaico_4-3-2-3-8.jpg\" alt=\"\" width=\"598\" height=\"448\" srcset=\"https:\/\/resarquitectura.blogs.upv.es\/wp-content\/uploads\/2026\/02\/mosaico_4-3-2-3-8.jpg 598w, https:\/\/resarquitectura.blogs.upv.es\/wp-content\/uploads\/2026\/02\/mosaico_4-3-2-3-8-300x225.jpg 300w\" sizes=\"auto, (max-width: 598px) 100vw, 598px\" \/><\/p>\n<p>&nbsp;<\/p>\n<p><strong><span style=\"color: #333333\"><span style=\"color: #000000\"><a style=\"color: #000000\" href=\"http:\/\/www.upv.es\/ficha-personal\/cami2\">Camilla Mileto<\/a><\/span>.<\/span>&nbsp;<\/strong>Dra. Arquitecta. Catedr\u00e1tica de Universidad | <a href=\"https:\/\/orcid.org\/0000-0002-6987-8802\">Orcid <\/a>\/ <a href=\"https:\/\/www.researchgate.net\/profile\/Camilla-Mileto\">Researchgate<\/a><\/p>\n<p><span style=\"color: #333333\"><a style=\"color: #333333\" href=\"http:\/\/www.upv.es\/ficha-personal\/fvegas\"><strong><span style=\"color: #000000\">Fernando Vegas L\u00f3pez-Manzanares<\/span><\/strong><\/a>.<\/span> Dr. Arquitecto. Catedr\u00e1tico de Universidad | <a href=\"https:\/\/orcid.org\/0000-0003-0315-6839\">Orcid<\/a> \/ <a href=\"https:\/\/www.researchgate.net\/profile\/Fernando-Vegas\">Researchgate<\/a><\/p>\n<p><strong><span style=\"color: #333333\"><a href=\"https:\/\/valentinacristini.blogs.upv.es\/\"><span style=\"color: #333333\"><span style=\"color: #000000\">Valentina Cristini<\/span><\/span><\/a>.<\/span>&nbsp;<\/strong>Dra. Arquitecta. &nbsp;Profesora Titular de Universidad | <a href=\"https:\/\/orcid.org\/0000-0001-8906-2598\">Orcid <\/a>\/ <a href=\"https:\/\/www.researchgate.net\/profile\/Valentina-Cristini\">Researchgate<\/a><\/p>\n<p><strong><span style=\"color: #000000\"><a style=\"color: #000000\" href=\"http:\/\/www.upv.es\/ficha-personal\/ligarso\">Lidia Garc\u00eda Soriano<\/a><\/span>.&nbsp;<\/strong>Dra. Arquitecta. Profesora Titular de Universidad | <a href=\"https:\/\/orcid.org\/0000-0001-9696-7045\">Orcid <\/a>\/ <a href=\"https:\/\/www.researchgate.net\/profile\/Lidia-Soriano\">Researchgate<\/a><\/p>\n<p><strong><span style=\"color: #000000\"><a style=\"color: #000000\" href=\"http:\/\/www.upv.es\/ficha-personal\/alhuees\">Alicia Hueto Escobar<\/a><\/span>.<\/strong> Dra. Arquitecta. Profesora asociada y personal investigador | <a href=\"https:\/\/www.researchgate.net\/profile\/Alicia-Hueto-Escobar\">Researchgate<\/a><\/p>\n<p><strong><a href=\"http:\/\/www.upv.es\/ficha-personal\/sermanfe\"><span style=\"color: #000000\">Sergio Manzano Fern\u00e1ndez<\/span><\/a>.<\/strong> Dr. Arquitecto. Profesor asociado y personal investigador | <a href=\"https:\/\/orcid.org\/0000-0001-7936-1324\">Orcid<\/a> \/&nbsp;<a href=\"https:\/\/www.researchgate.net\/profile\/Sergio-Manzano-Fernandez-3\">Researchgate<\/a><\/p>\n<p><span style=\"color: #000000\"><strong><span style=\"color: #000000\"><a style=\"color: #000000\" href=\"https:\/\/www.upv.es\/ficha-personal\/evtormon\">Eva Tortajada Montalva<\/a><\/span>.<\/strong> Dra. Arquitecta. Personal Investigador Contratado | <a href=\"https:\/\/www.researchgate.net\/profile\/Eva-Tortajada-Montalva\">Researchgate<\/a><\/span><\/p>\n<p><span style=\"color: #000000\"><strong><span style=\"color: #000000\"><a style=\"color: #000000\" href=\"http:\/\/www.upv.es\/ficha-personal\/damoja\">David Morocho Jaramillo<\/a><\/span>.<\/strong> Dr. Arquitecto. Personal Investigador Postdoctoral<\/span> | <a href=\"https:\/\/orcid.org\/0000-0002-5974-937X\">Orcid<\/a> <span style=\"font-size: inherit\">\/<\/span>&nbsp;<a href=\"https:\/\/www.researchgate.net\/profile\/David-Morocho-Jaramillo\">Researchgate<\/a><\/p>\n<p><strong><span style=\"color: #000000\"><a style=\"color: #000000\" href=\"https:\/\/www.upv.es\/ficha-personal\/fsangom1\">Francisco Sandoval G\u00f3mez<\/a><\/span>. <\/strong>Arquitecto. Personal Investigador en Formaci\u00f3n | <a href=\"http:\/\/orcid.org\/0000-0001-7562-3091\">Orcid<\/a> <span style=\"font-size: inherit\">\/ <\/span><a href=\"https:\/\/www.researchgate.net\/profile\/Francisco-Gomez-53\">Researchgate<\/a><\/p>\n<p><strong><span style=\"color: #000000\"><a style=\"color: #000000\" href=\"https:\/\/www.upv.es\/ficha-personal\/viccanso\">V\u00edctor Manuel Cantero Sol\u00eds<\/a><\/span>. <\/strong>Historiador del Arte. Personal Investigador Contratado. |&nbsp;<a href=\"https:\/\/orcid.org\/0000-0003-2491-3691\">Orcid<\/a><\/p>\n<p><strong><span style=\"color: #000000\"><a style=\"color: #000000\" href=\"http:\/\/arquisama.com\/\">Salvador Tom\u00e1s M\u00e1rquez<\/a><\/span>.&nbsp;<\/strong>Arquitecto T\u00e9cnico. Colaborador Externo<\/p>\n<hr>\n<p><span style=\"color: #000000\"><strong>Colaboradores habituales:<\/strong> Adolfo Alonso Dur\u00e1, Vincenzina La Spina, Francisco Javier Torrijo Echarri, Ricardo Perell\u00f3 Roso, Ver\u00f3nica Llopis Pulido, Jos\u00e9 Ferrandis Montesinos, Antonio S\u00e1ez Landete.<\/span><\/p>\n<p>&nbsp;<\/p>\n<p>&nbsp;<\/p>\n<p><a href=\"http:\/\/resarquitectura.blogs.upv.es\/\">Volver<\/a><\/p>","protected":false},"excerpt":{"rendered":"<p class=\"excerpt\">&nbsp; Camilla Mileto.&nbsp;Dra. Arquitecta. Catedr\u00e1tica de Universidad | Orcid \/ Researchgate Fernando Vegas L\u00f3pez-Manzanares. Dr. Arquitecto. Catedr\u00e1tico de Universidad | Orcid \/ Researchgate Valentina Cristini.&nbsp;Dra. Arquitecta. &nbsp;Profesora Titular de Universidad | Orcid \/ Researchgate Lidia Garc\u00eda Soriano.&nbsp;Dra. Arquitecta. Profesora Titular de Universidad | Orcid \/ Researchgate Alicia Hueto Escobar. Dra. Arquitecta. Profesora asociada y personal investigador | Researchgate Sergio Manzano&hellip;<\/p>\n<p class=\"more-link-p\"><a class=\"btn btn-default\" href=\"https:\/\/resarquitectura.blogs.upv.es\/?page_id=683\">Read more<\/a><\/p>\n","protected":false},"author":26148,"featured_media":0,"parent":0,"menu_order":0,"comment_status":"closed","ping_status":"closed","template":"","meta":{"ngg_post_thumbnail":0,"footnotes":""},"class_list":["post-683","page","type-page","status-publish","hentry"],"aioseo_notices":[],"_links":{"self":[{"href":"https:\/\/resarquitectura.blogs.upv.es\/index.php?rest_route=\/wp\/v2\/pages\/683","targetHints":{"allow":["GET"]}}],"collection":[{"href":"https:\/\/resarquitectura.blogs.upv.es\/index.php?rest_route=\/wp\/v2\/pages"}],"about":[{"href":"https:\/\/resarquitectura.blogs.upv.es\/index.php?rest_route=\/wp\/v2\/types\/page"}],"author":[{"embeddable":true,"href":"https:\/\/resarquitectura.blogs.upv.es\/index.php?rest_route=\/wp\/v2\/users\/26148"}],"replies":[{"embeddable":true,"href":"https:\/\/resarquitectura.blogs.upv.es\/index.php?rest_route=%2Fwp%2Fv2%2Fcomments&post=683"}],"version-history":[{"count":1,"href":"https:\/\/resarquitectura.blogs.upv.es\/index.php?rest_route=\/wp\/v2\/pages\/683\/revisions"}],"predecessor-version":[{"id":21575,"href":"https:\/\/resarquitectura.blogs.upv.es\/index.php?rest_route=\/wp\/v2\/pages\/683\/revisions\/21575"}],"wp:attachment":[{"href":"https:\/\/resarquitectura.blogs.upv.es\/index.php?rest_route=%2Fwp%2Fv2%2Fmedia&parent=683"}],"curies":[{"name":"wp","href":"https:\/\/api.w.org\/{rel}","templated":true}]}}