{"id":815,"date":"2016-02-17T11:34:20","date_gmt":"2016-02-17T10:34:20","guid":{"rendered":"http:\/\/resarquitectura.blogs.upv.es\/?page_id=815"},"modified":"2019-11-19T12:10:02","modified_gmt":"2019-11-19T11:10:02","slug":"enlaces","status":"publish","type":"page","link":"https:\/\/resarquitectura.blogs.upv.es\/?page_id=815","title":{"rendered":"Enlaces"},"content":{"rendered":"<p><\/p>\n<h6><a href=\"http:\/\/resarquitectura.blogs.upv.es\/wp-content\/uploads\/2019\/11\/Heritage-2020-cabecera.jpg\"><img loading=\"lazy\" decoding=\"async\" class=\"alignleft size-medium wp-image-14211\" src=\"http:\/\/resarquitectura.blogs.upv.es\/wp-content\/uploads\/2019\/11\/Heritage-2020-cabecera-300x102.jpg\" alt=\"\" width=\"300\" height=\"102\" srcset=\"https:\/\/resarquitectura.blogs.upv.es\/wp-content\/uploads\/2019\/11\/Heritage-2020-cabecera-300x102.jpg 300w, https:\/\/resarquitectura.blogs.upv.es\/wp-content\/uploads\/2019\/11\/Heritage-2020-cabecera.jpg 636w\" sizes=\"auto, (max-width: 300px) 100vw, 300px\" \/><\/a><\/h6>\n<p>&nbsp;<\/p>\n<p>&nbsp;<\/p>\n<p>&nbsp;<\/p>\n<p>&nbsp;<\/p>\n<h5><a href=\"https:\/\/heritage2020.blogs.upv.es\/\">Congreso HERITAGE2020 (3DPast | RISK-Terra), International Conference on Vernacular Architecture in World Heritage Sites. Risks and New Technologies<\/a><\/h5>\n<p>&nbsp;<\/p>\n<h6><a href=\"http:\/\/resarquitectura.blogs.upv.es\/wp-content\/uploads\/2019\/11\/RISK-Terra-cabecera-scaled.jpg\"><img loading=\"lazy\" decoding=\"async\" class=\"alignleft wp-image-14202 size-medium\" src=\"http:\/\/resarquitectura.blogs.upv.es\/wp-content\/uploads\/2019\/11\/RISK-Terra-cabecera-300x90.jpg\" alt=\"\" width=\"300\" height=\"90\" srcset=\"https:\/\/resarquitectura.blogs.upv.es\/wp-content\/uploads\/2019\/11\/RISK-Terra-cabecera-300x90.jpg 300w, https:\/\/resarquitectura.blogs.upv.es\/wp-content\/uploads\/2019\/11\/RISK-Terra-cabecera-1024x307.jpg 1024w, https:\/\/resarquitectura.blogs.upv.es\/wp-content\/uploads\/2019\/11\/RISK-Terra-cabecera-768x230.jpg 768w, https:\/\/resarquitectura.blogs.upv.es\/wp-content\/uploads\/2019\/11\/RISK-Terra-cabecera-1536x461.jpg 1536w, https:\/\/resarquitectura.blogs.upv.es\/wp-content\/uploads\/2019\/11\/RISK-Terra-cabecera-2048x614.jpg 2048w\" sizes=\"auto, (max-width: 300px) 100vw, 300px\" \/><\/a><\/h6>\n<p>&nbsp;<\/p>\n<h6>&nbsp;<\/h6>\n<h5>&nbsp;<\/h5>\n<h5>&nbsp;<\/h5>\n<p>&nbsp;<\/p>\n<h5><a href=\"https:\/\/riskterra.blogs.upv.es\/\">Proyecto RiskTerra. Earthen architecture in the Iberian Peninsula: study of natural, social and anthropic risks and strategies to improve resilience<\/a><\/h5>\n<p>&nbsp;<\/p>\n<h6><a href=\"https:\/\/www.youtube.com\/channel\/UCqiTt2-AphwquS9th7Z7SgQ\" target=\"_blank\" rel=\"noopener noreferrer\"><img loading=\"lazy\" decoding=\"async\" class=\"alignnone size-medium wp-image-993\" src=\"http:\/\/resarquitectura.blogs.upv.es\/wp-content\/uploads\/2016\/02\/canal-catedra-youtube-300x52.jpg\" alt=\"canal catedra youtube\" width=\"300\" height=\"52\" srcset=\"https:\/\/resarquitectura.blogs.upv.es\/wp-content\/uploads\/2016\/02\/canal-catedra-youtube-300x52.jpg 300w, https:\/\/resarquitectura.blogs.upv.es\/wp-content\/uploads\/2016\/02\/canal-catedra-youtube-768x133.jpg 768w, https:\/\/resarquitectura.blogs.upv.es\/wp-content\/uploads\/2016\/02\/canal-catedra-youtube-1024x177.jpg 1024w\" sizes=\"auto, (max-width: 300px) 100vw, 300px\" \/><\/a><\/h6>\n<h5><a href=\"https:\/\/www.youtube.com\/channel\/UCqiTt2-AphwquS9th7Z7SgQ\" target=\"_blank\" rel=\"noopener noreferrer\">Canal de youtube. C\u00e1tedra UNESCO de Arquitectura de tierra, culturas constructivas y desarrollo sostenible Espa\u00f1a&nbsp;<\/a><\/h5>\n<p>&nbsp;<\/p>\n<h6><a href=\"http:\/\/terra.hypotheses.org\/\" target=\"_blank\" rel=\"noopener noreferrer\"><img loading=\"lazy\" decoding=\"async\" class=\"alignnone wp-image-973\" src=\"http:\/\/resarquitectura.blogs.upv.es\/wp-content\/uploads\/2016\/02\/logo-Chaire-UNESCO-Architecture-de-terre_low-300x112.jpg\" alt=\"2unitwin_ensag_fr\" width=\"203\" height=\"74\"><\/a><\/h6>\n<h5><a href=\"http:\/\/terra.hypotheses.org\/\" target=\"_blank\" rel=\"noopener noreferrer\">C\u00e1tedra UNESCO de Arquitectura de tierra, culturas constructivas y desarrollo sostenible<\/a><\/h5>\n<p>&nbsp;<\/p>\n<p><a href=\"http:\/\/sostierra.blogs.upv.es\/\" target=\"_blank\" rel=\"noopener noreferrer\"><img loading=\"lazy\" decoding=\"async\" class=\"alignnone wp-image-984\" src=\"http:\/\/resarquitectura.blogs.upv.es\/wp-content\/uploads\/2016\/02\/Sostierra-300x102.jpg\" alt=\"Sostierra\" width=\"210\" height=\"60\"><\/a><\/p>\n<h5><a href=\"http:\/\/sostierra.blogs.upv.es\/\" target=\"_blank\" rel=\"noopener noreferrer\">Proyecto SOStierra. Restauraci\u00f3n y rehabilitaci\u00f3n de la arquitectura tradicional de tierra en la Pen\u00ednsula Ib\u00e9rica<\/a><\/h5>\n<p>&nbsp;<\/p>\n<p><a href=\"http:\/\/www.esg.pt\/versus\/\"><img loading=\"lazy\" decoding=\"async\" class=\"alignnone wp-image-4018\" src=\"http:\/\/resarquitectura.blogs.upv.es\/wp-content\/uploads\/2016\/10\/versus-269x300.jpg\" alt=\"versus\" width=\"200\" height=\"223\" srcset=\"https:\/\/resarquitectura.blogs.upv.es\/wp-content\/uploads\/2016\/10\/versus-269x300.jpg 269w, https:\/\/resarquitectura.blogs.upv.es\/wp-content\/uploads\/2016\/10\/versus.jpg 326w\" sizes=\"auto, (max-width: 200px) 100vw, 200px\" \/><\/a><\/p>\n<h5><a href=\"http:\/\/www.esg.pt\/versus\/\" target=\"_blank\" rel=\"noopener noreferrer\">Proyecto VERSUS.&nbsp;<\/a>Vernacular Heritage. Sustainable Architecture. European Research Architecture<\/h5>\n<p>&nbsp;<\/p>\n<p><a href=\"http:\/\/www.restapia.es\/\" target=\"_blank\" rel=\"noopener noreferrer\"><img loading=\"lazy\" decoding=\"async\" class=\"alignnone wp-image-990\" src=\"http:\/\/resarquitectura.blogs.upv.es\/wp-content\/uploads\/2016\/02\/restapia-fondo-negro-300x117.jpg\" alt=\"restapia fondo negro\" width=\"209\" height=\"66\"><\/a><\/p>\n<h5><a href=\"http:\/\/www.restapia.es\/\" target=\"_blank\" rel=\"noopener noreferrer\">Proyecto ResTapia. La restauraci\u00f3n de la arquitectura de tapia en la Pen\u00ednsula Ib\u00e9rica<\/a><\/h5>\n<p>&nbsp;<\/p>\n<p><a href=\"http:\/\/talleresarquitecturatradicional.blogs.upv.es\/\"><img loading=\"lazy\" decoding=\"async\" class=\"alignnone wp-image-4025\" src=\"http:\/\/resarquitectura.blogs.upv.es\/wp-content\/uploads\/2016\/02\/Logo-Talleres-300x145.jpg\" alt=\"logo-talleres\" width=\"215\" height=\"104\" srcset=\"https:\/\/resarquitectura.blogs.upv.es\/wp-content\/uploads\/2016\/02\/Logo-Talleres-300x145.jpg 300w, https:\/\/resarquitectura.blogs.upv.es\/wp-content\/uploads\/2016\/02\/Logo-Talleres.jpg 530w\" sizes=\"auto, (max-width: 215px) 100vw, 215px\" \/><\/a><\/p>\n<h5><a href=\"http:\/\/talleresarquitecturatradicional.blogs.upv.es\/\">Talleres de Arquitectura Tradicional. Organizaci\u00f3n de seminarios, workshops y actividades relacionados con la arquitectura vern\u00e1cula.<\/a><\/h5>\n<p>&nbsp;<\/p>\n<p><a href=\"http:\/\/tapiabrick.blogs.upv.es\/\"><img loading=\"lazy\" decoding=\"async\" class=\"alignnone wp-image-4031\" src=\"http:\/\/resarquitectura.blogs.upv.es\/wp-content\/uploads\/2016\/02\/Logo-tapiabrick-300x87.jpg\" alt=\"logo-tapiabrick\" width=\"217\" height=\"63\" srcset=\"https:\/\/resarquitectura.blogs.upv.es\/wp-content\/uploads\/2016\/02\/Logo-tapiabrick-300x87.jpg 300w, https:\/\/resarquitectura.blogs.upv.es\/wp-content\/uploads\/2016\/02\/Logo-tapiabrick-768x222.jpg 768w, https:\/\/resarquitectura.blogs.upv.es\/wp-content\/uploads\/2016\/02\/Logo-tapiabrick.jpg 998w\" sizes=\"auto, (max-width: 217px) 100vw, 217px\" \/><\/a><\/p>\n<h5><a href=\"http:\/\/tapiabrick.blogs.upv.es\/\">TapiaBrick. Caracterizaci\u00f3n de f\u00e1bricas tradicionales de tapia valenciana: documentaci\u00f3n, estudio y mejora prestacional.<\/a><\/h5>\n<p>&nbsp;<\/p>\n<p><a href=\"http:\/\/conburkina.blogs.upv.es\/\" target=\"_blank\" rel=\"noopener noreferrer\"><img loading=\"lazy\" decoding=\"async\" class=\"alignnone wp-image-12253 size-medium\" src=\"http:\/\/resarquitectura.blogs.upv.es\/wp-content\/uploads\/2018\/11\/Conburkina-300x102.jpg\" alt=\"\" width=\"300\" height=\"102\" srcset=\"https:\/\/resarquitectura.blogs.upv.es\/wp-content\/uploads\/2018\/11\/Conburkina-300x102.jpg 300w, https:\/\/resarquitectura.blogs.upv.es\/wp-content\/uploads\/2018\/11\/Conburkina-768x260.jpg 768w, https:\/\/resarquitectura.blogs.upv.es\/wp-content\/uploads\/2018\/11\/Conburkina.jpg 931w\" sizes=\"auto, (max-width: 300px) 100vw, 300px\" \/><\/a><\/p>\n<h5><a href=\"http:\/\/conburkina.blogs.upv.es\/\">Proyecto de investigaci\u00f3n y cooperaci\u00f3n en Burkina Faso.<\/a><\/h5>\n<p>&nbsp;<\/p>","protected":false},"excerpt":{"rendered":"<p class=\"excerpt\">&nbsp; &nbsp; &nbsp; &nbsp; Congreso HERITAGE2020 (3DPast | RISK-Terra), International Conference on Vernacular Architecture in World Heritage Sites. Risks and New Technologies &nbsp; &nbsp; &nbsp; &nbsp; &nbsp; &nbsp; Proyecto RiskTerra. Earthen architecture in the Iberian Peninsula: study of natural, social and anthropic risks and strategies to improve resilience &nbsp; Canal de youtube. C\u00e1tedra UNESCO de Arquitectura de tierra, culturas constructivas&hellip;<\/p>\n<p class=\"more-link-p\"><a class=\"btn btn-default\" href=\"https:\/\/resarquitectura.blogs.upv.es\/?page_id=815\">Read more<\/a><\/p>\n","protected":false},"author":41051,"featured_media":0,"parent":0,"menu_order":0,"comment_status":"closed","ping_status":"closed","template":"","meta":{"ngg_post_thumbnail":0,"footnotes":""},"class_list":["post-815","page","type-page","status-publish","hentry"],"aioseo_notices":[],"_links":{"self":[{"href":"https:\/\/resarquitectura.blogs.upv.es\/index.php?rest_route=\/wp\/v2\/pages\/815","targetHints":{"allow":["GET"]}}],"collection":[{"href":"https:\/\/resarquitectura.blogs.upv.es\/index.php?rest_route=\/wp\/v2\/pages"}],"about":[{"href":"https:\/\/resarquitectura.blogs.upv.es\/index.php?rest_route=\/wp\/v2\/types\/page"}],"author":[{"embeddable":true,"href":"https:\/\/resarquitectura.blogs.upv.es\/index.php?rest_route=\/wp\/v2\/users\/41051"}],"replies":[{"embeddable":true,"href":"https:\/\/resarquitectura.blogs.upv.es\/index.php?rest_route=%2Fwp%2Fv2%2Fcomments&post=815"}],"version-history":[{"count":2,"href":"https:\/\/resarquitectura.blogs.upv.es\/index.php?rest_route=\/wp\/v2\/pages\/815\/revisions"}],"predecessor-version":[{"id":14208,"href":"https:\/\/resarquitectura.blogs.upv.es\/index.php?rest_route=\/wp\/v2\/pages\/815\/revisions\/14208"}],"wp:attachment":[{"href":"https:\/\/resarquitectura.blogs.upv.es\/index.php?rest_route=%2Fwp%2Fv2%2Fmedia&parent=815"}],"curies":[{"name":"wp","href":"https:\/\/api.w.org\/{rel}","templated":true}]}}